{"id":1455,"date":"2026-04-29T07:54:21","date_gmt":"2026-04-29T07:54:21","guid":{"rendered":"https:\/\/reverent-almeida.91-213-46-106.plesk.page\/formacion\/actualitzacio-socio-laboral\/"},"modified":"2026-04-29T07:59:41","modified_gmt":"2026-04-29T07:59:41","slug":"actualitzacio-socio-laboral","status":"publish","type":"curso_foment","link":"https:\/\/foment.teamdesarrollo.com\/ca\/formacio\/actualitzacio-socio-laboral\/","title":{"rendered":"Actualitzaci\u00f3 socio-laboral"},"featured_media":0,"template":"","meta":{"_doceos_id":"17282","_start_date":"2026-06-15T22:00:00.000000Z","_end_date":"2026-07-28T22:00:00.000000Z","_available_seats":"40","_seats":"40","_lang_code":"ca","_tt_days_mask":"1111100","_tt_pm_start":"00:00:00","_tt_pm_end":"00:00:00","_timetable_desc":"","_horario_tipo":"Ma\u00f1ana","_presence_hours":"0","_teletraining_hours":"15","_distance_hours":"0","_syllabus":"M\u00f2dul 1 \u00b7 Novetats Socio-laborals a la LPGE\n\n- Identificaci\u00f3 de les novetats socio-laborals\n\n- An\u00e0lisi de les pensions del sistema de la Seguretat Social i altres prestacions socials p\u00fabliques\n\n- Habilitats de gesti\u00f3, personals i socials\n\nM\u00f2dul 2 \u00b7 Retribuci\u00f3 i cotitzaci\u00f3 SS\n\n- Definici\u00f3 i afectaci\u00f3 del Salari M\u00ednim Interprofessional (SMI)\n\n- Normes de cotitzaci\u00f3 a la Seguretat Social, Atur, Garantia Salarial i Formaci\u00f3 Professional\n\n- Habilitats de gesti\u00f3, personals i socials","_contingut":"<span style=\"color:#c1002b\">Contingut del curs<\/span>\n\n<span style=\"color:#c1002b\">M\u00f2dul 1 \u00b7 Novetats Socio-laborals a la LPGE<\/span>\n<strong>Identificaci\u00f3 de les novetats socio-laborals<\/strong>\n<ul>\n<li>Canvis legislatius en mat\u00e8ria de contractaci\u00f3<\/li>\n<li>Cotitzaci\u00f3 a la Seguretat Social<\/li>\n<li>Revaloraci\u00f3 de les pensions: import m\u00ednim i complements<\/li>\n<li>Imports prestacions familiars<\/li>\n<li>Altres novetats socio-laborals<\/li>\n<\/ul>\n\n<strong>An\u00e0lisi de les pensions del sistema de la Seguretat Social i altres prestacions socials p\u00fabliques<\/strong>\n<ul>\n<li>Revaloraci\u00f3 de les pensions del sistema de la Seguretat Social en la modalitat contributiva<\/li>\n<li>Revaloraci\u00f3 de les pensions del sistema de la Seguretat Social en la modalitat no contributiva<\/li>\n<li>Quanties m\u00ednimes i m\u00e0ximes de les pensions<\/li>\n<\/ul>\n\n<strong>Habilitats de gesti\u00f3, personals i socials<\/strong>\n<ul>\n<li>Const\u00e0ncia per a l'actualitzaci\u00f3 normativa per a un desenvolupament correcte de l'activitat professional<\/li>\n<li>Assimilaci\u00f3 de les nocions m\u00e9s importants relacionades amb la Seguretat Social, la normativa i la gesti\u00f3<\/li>\n<\/ul>\n\n<span style=\"color:#c1002b\">M\u00f2dul 2 \u00b7 Retribuci\u00f3 i cotitzaci\u00f3 SS<\/span>\n<strong>Definici\u00f3 i afectaci\u00f3 del Salari M\u00ednim Interprofessional (SMI)<\/strong>\n<ul>\n<li>Import del SMI<\/li>\n<li>Compensaci\u00f3 i absorci\u00f3<\/li>\n<li>Afectaci\u00f3 del SMI als treballadors indefinits, temporals i empleats de la llar<\/li>\n<li>Valors legals: inter\u00e8s legal dels diners i actualitzaci\u00f3 de l'IPREM (Indicador P\u00fablic de Rendes d'Efectes M\u00faltiples)<\/li>\n<\/ul>\n\n<strong>Normes de cotitzaci\u00f3 a la Seguretat Social, Atur, Garantia Salarial i Formaci\u00f3 Professional<\/strong>\n<ul>\n<li>Cotitzaci\u00f3 a la Seguretat Social: R\u00e8gim General<\/li>\n<li>Cotitzaci\u00f3 RETA i RE Agrari<\/li>\n<li>Cotitzaci\u00f3 en sup\u00f2sits especials<\/li>\n<li>Bases i tipus de cotitzaci\u00f3<\/li>\n<li>Coeficients reductors<\/li>\n<li>Tarifa d'Accidents de Treball i Malaltia Professional<\/li>\n<\/ul>\n\n<strong>Habilitats de gesti\u00f3, personals i socials<\/strong>\n<ul>\n<li>Adaptaci\u00f3 a les noves normatives i predisposici\u00f3 per a la seva aplicaci\u00f3<\/li>\n<li>Assimilaci\u00f3 de les nocions relacionades amb la Seguretat Social i l'SMI, la normativa i la gesti\u00f3<\/li>\n<\/ul>","_objectius":"<span style=\"color:#c1002b\"><strong>Objectiu general<\/strong><\/span>\nAnalitzar les novetats legislatives en mat\u00e8ria laboral i de seguretat social publicades dins l\u2019\u00e0mbit de la Llei de Pressupostos Generals de l'Estat i les seves normes annexes, i les actualitzacions, en aquesta mateixa mat\u00e8ria, publicades a principis d'any.\n\n<span style=\"color:#c1002b\">Objectius espec\u00edfics<\/span>\n<ul>\n<li>Identificar i analitzar les novetats socio-laborals publicades en la Llei de Pressupostos Generals de l'Estat i la normativa complement\u00e0ria.<\/li>\n\n<li>Con\u00e8ixer la normativa vigent sobre cotitzaci\u00f3 a la Seguretat Social, novetats i canvis rellevants.<\/li>\n\n<li>Analitzar la revaloraci\u00f3 de pensions, imports m\u00ednims i complements, i altres prestacions socials p\u00fabliques.<\/li>\n\n<li>Distingir l'impacte de les novetats legislatives en la gesti\u00f3 laboral i la pr\u00e0ctica professional.<\/li>\n<\/ul>\n","_requisits":"<span style=\"color:#c1002b\">Requisits dels alumnes<\/span>\n<ul>\n<li><strong>Estudis (Acreditacions\/Titulacions)<\/strong>\n  <ul>\n    <li>Certificat de professionalitat nivell 1 (de la mateixa fam\u00edlia i \u00e0rea professional)<\/li>\n    <li>T\u00edtol Professional B\u00e0sic (FP B\u00e0sica)<\/li>\n    <li>T\u00edtol de Graduat en Educaci\u00f3 Secund\u00e0ria Obligat\u00f2ria (ESO) o equivalent<\/li>\n    <li>T\u00edtol de T\u00e8cnic (FP Grau Mitj\u00e0) o equivalent<\/li>\n    <li>Certificat de Professionalitat de nivell 2<\/li>\n    <li>Haver superat la prova d'acc\u00e9s a Cicles Formatius de Grau Mitj\u00e0<\/li>\n    <li>Haver superat qualsevol prova oficial d'acc\u00e9s a la Universitat<\/li>\n  <\/ul>\n<\/li>\n\n<li><strong>Experi\u00e8ncia professional<\/strong>\n  <ul>\n    <li>No es requereix.<\/li>\n  <\/ul>\n<\/li>\n\n<li><strong>Altres requisits<\/strong>\n  <ul>\n    <li>Si no es disposa de la titulaci\u00f3 m\u00ednima ni de l'experi\u00e8ncia, es podr\u00e0 accedir mitjan\u00e7ant <a href=\"https:\/\/forms.gle\/YNMmDTJEszXDMv4R8\">prova d'acc\u00e9s<\/a> acreditant coneixements i compet\u00e8ncies suficients.<\/li>\n    <li>Per a la modalitat de teleformaci\u00f3: destreses suficients per ser usuari de la plataforma virtual.<\/li>\n  <\/ul>\n<\/li>\n<\/ul>\n\nEl curs est\u00e0 dirigit a tots els alumnes interessats en el tema personal o professionalment.\n\n<ul>\n<li>Persones que cotitzen per R\u00e8gim General o Aut\u00f2nom.<\/li>\n<li>Persones en situaci\u00f3 d'atur: Aquest col\u00b7lectiu t\u00e9 l'acc\u00e9s limitat a aquest Pla de Formaci\u00f3, per la qual cosa no tindran garantida la seva pla\u00e7a fins que portin la documentaci\u00f3 presencialment al Centre de Formaci\u00f3 i es comprovi que no s'excedeix la limitaci\u00f3 estipulada pel Reial decret 694\/2017.<\/li>\n<li>Els treballadors de l'Administraci\u00f3 P\u00fablica no poden accedir a aquest Pla de Formaci\u00f3 Sectorial.<\/li>\n<\/ul>","_materials":null,"_resp_name":"Paqui Fuentes Camara","_resp_email":null,"_certificado":"0","_adaptado":"0","_modality_id":"2","_training_area_id":"11","_custom_code":null,"_group":"1","_closed":"0","_full":"0","_num_sessions":null,"_visible_on_web":"1","_wpml_trid":"1221","_wpml_lang":"ca"},"class_list":["post-1455","curso_foment","type-curso_foment","status-publish","hentry"],"yoast_head":"<!-- This site is optimized with the Yoast SEO plugin v27.2 - https:\/\/yoast.com\/product\/yoast-seo-wordpress\/ -->\n<title>Actualitzaci\u00f3 socio-laboral -<\/title>\n<meta name=\"robots\" content=\"noindex, follow, max-snippet:-1, max-image-preview:large, max-video-preview:-1\" \/>\n<meta property=\"og:locale\" content=\"ca_ES\" \/>\n<meta property=\"og:type\" content=\"article\" \/>\n<meta property=\"og:title\" content=\"Actualitzaci\u00f3 socio-laboral -\" \/>\n<meta property=\"og:url\" content=\"https:\/\/foment.teamdesarrollo.com\/ca\/formacio\/actualitzacio-socio-laboral\/\" \/>\n<meta property=\"article:modified_time\" content=\"2026-04-29T07:59:41+00:00\" \/>\n<meta name=\"twitter:card\" content=\"summary_large_image\" \/>\n<script type=\"application\/ld+json\" class=\"yoast-schema-graph\">{\"@context\":\"https:\/\/schema.org\",\"@graph\":[{\"@type\":\"WebPage\",\"@id\":\"https:\/\/foment.teamdesarrollo.com\/ca\/formacio\/actualitzacio-socio-laboral\/\",\"url\":\"https:\/\/foment.teamdesarrollo.com\/ca\/formacio\/actualitzacio-socio-laboral\/\",\"name\":\"Actualitzaci\u00f3 socio-laboral -\",\"isPartOf\":{\"@id\":\"https:\/\/foment.teamdesarrollo.com\/ca\/#website\"},\"datePublished\":\"2026-04-29T07:54:21+00:00\",\"dateModified\":\"2026-04-29T07:59:41+00:00\",\"breadcrumb\":{\"@id\":\"https:\/\/foment.teamdesarrollo.com\/ca\/formacio\/actualitzacio-socio-laboral\/#breadcrumb\"},\"inLanguage\":\"ca\",\"potentialAction\":[{\"@type\":\"ReadAction\",\"target\":[\"https:\/\/foment.teamdesarrollo.com\/ca\/formacio\/actualitzacio-socio-laboral\/\"]}]},{\"@type\":\"BreadcrumbList\",\"@id\":\"https:\/\/foment.teamdesarrollo.com\/ca\/formacio\/actualitzacio-socio-laboral\/#breadcrumb\",\"itemListElement\":[{\"@type\":\"ListItem\",\"position\":1,\"name\":\"Portada\",\"item\":\"https:\/\/foment.teamdesarrollo.com\/ca\/\"},{\"@type\":\"ListItem\",\"position\":2,\"name\":\"Cursos\",\"item\":\"https:\/\/foment.teamdesarrollo.com\/ca\/formacio\/\"},{\"@type\":\"ListItem\",\"position\":3,\"name\":\"Actualitzaci\u00f3 socio-laboral\"}]},{\"@type\":\"WebSite\",\"@id\":\"https:\/\/foment.teamdesarrollo.com\/ca\/#website\",\"url\":\"https:\/\/foment.teamdesarrollo.com\/ca\/\",\"name\":\"\",\"description\":\"\",\"potentialAction\":[{\"@type\":\"SearchAction\",\"target\":{\"@type\":\"EntryPoint\",\"urlTemplate\":\"https:\/\/foment.teamdesarrollo.com\/ca\/?s={search_term_string}\"},\"query-input\":{\"@type\":\"PropertyValueSpecification\",\"valueRequired\":true,\"valueName\":\"search_term_string\"}}],\"inLanguage\":\"ca\"}]}<\/script>\n<!-- \/ Yoast SEO plugin. -->","yoast_head_json":{"title":"Actualitzaci\u00f3 socio-laboral -","robots":{"index":"noindex","follow":"follow","max-snippet":"max-snippet:-1","max-image-preview":"max-image-preview:large","max-video-preview":"max-video-preview:-1"},"og_locale":"ca_ES","og_type":"article","og_title":"Actualitzaci\u00f3 socio-laboral -","og_url":"https:\/\/foment.teamdesarrollo.com\/ca\/formacio\/actualitzacio-socio-laboral\/","article_modified_time":"2026-04-29T07:59:41+00:00","twitter_card":"summary_large_image","schema":{"@context":"https:\/\/schema.org","@graph":[{"@type":"WebPage","@id":"https:\/\/foment.teamdesarrollo.com\/ca\/formacio\/actualitzacio-socio-laboral\/","url":"https:\/\/foment.teamdesarrollo.com\/ca\/formacio\/actualitzacio-socio-laboral\/","name":"Actualitzaci\u00f3 socio-laboral -","isPartOf":{"@id":"https:\/\/foment.teamdesarrollo.com\/ca\/#website"},"datePublished":"2026-04-29T07:54:21+00:00","dateModified":"2026-04-29T07:59:41+00:00","breadcrumb":{"@id":"https:\/\/foment.teamdesarrollo.com\/ca\/formacio\/actualitzacio-socio-laboral\/#breadcrumb"},"inLanguage":"ca","potentialAction":[{"@type":"ReadAction","target":["https:\/\/foment.teamdesarrollo.com\/ca\/formacio\/actualitzacio-socio-laboral\/"]}]},{"@type":"BreadcrumbList","@id":"https:\/\/foment.teamdesarrollo.com\/ca\/formacio\/actualitzacio-socio-laboral\/#breadcrumb","itemListElement":[{"@type":"ListItem","position":1,"name":"Portada","item":"https:\/\/foment.teamdesarrollo.com\/ca\/"},{"@type":"ListItem","position":2,"name":"Cursos","item":"https:\/\/foment.teamdesarrollo.com\/ca\/formacio\/"},{"@type":"ListItem","position":3,"name":"Actualitzaci\u00f3 socio-laboral"}]},{"@type":"WebSite","@id":"https:\/\/foment.teamdesarrollo.com\/ca\/#website","url":"https:\/\/foment.teamdesarrollo.com\/ca\/","name":"","description":"","potentialAction":[{"@type":"SearchAction","target":{"@type":"EntryPoint","urlTemplate":"https:\/\/foment.teamdesarrollo.com\/ca\/?s={search_term_string}"},"query-input":{"@type":"PropertyValueSpecification","valueRequired":true,"valueName":"search_term_string"}}],"inLanguage":"ca"}]}},"_links":{"self":[{"href":"https:\/\/foment.teamdesarrollo.com\/ca\/wp-json\/wp\/v2\/curso_foment\/1455","targetHints":{"allow":["GET"]}}],"collection":[{"href":"https:\/\/foment.teamdesarrollo.com\/ca\/wp-json\/wp\/v2\/curso_foment"}],"about":[{"href":"https:\/\/foment.teamdesarrollo.com\/ca\/wp-json\/wp\/v2\/types\/curso_foment"}],"wp:attachment":[{"href":"https:\/\/foment.teamdesarrollo.com\/ca\/wp-json\/wp\/v2\/media?parent=1455"}],"curies":[{"name":"wp","href":"https:\/\/api.w.org\/{rel}","templated":true}]}}

Actualització socio-laboral

Mañana

Mòdul 1 · Novetats Socio-laborals a la LPGE

- Identificació de les novetats socio-laborals

- Anàlisi de les pensions del sistema de la Seguretat Social i altres prestacions socials públiques

- Habilitats de gestió, personals i socials

Mòdul 2 · Retribució i cotització SS

- Definició i afectació del Salari Mínim Interprofessional (SMI)

- Normes de cotització a la Seguretat Social, Atur, Garantia Salarial i Formació Professional

- Habilitats de gestió, personals i socials

<span style="color:#c1002b">Contingut del curs</span>

<span style="color:#c1002b">Mòdul 1 · Novetats Socio-laborals a la LPGE</span>
<strong>Identificació de les novetats socio-laborals</strong>
<ul>
<li>Canvis legislatius en matèria de contractació</li>
<li>Cotització a la Seguretat Social</li>
<li>Revaloració de les pensions: import mínim i complements</li>
<li>Imports prestacions familiars</li>
<li>Altres novetats socio-laborals</li>
</ul>

<strong>Anàlisi de les pensions del sistema de la Seguretat Social i altres prestacions socials públiques</strong>
<ul>
<li>Revaloració de les pensions del sistema de la Seguretat Social en la modalitat contributiva</li>
<li>Revaloració de les pensions del sistema de la Seguretat Social en la modalitat no contributiva</li>
<li>Quanties mínimes i màximes de les pensions</li>
</ul>

<strong>Habilitats de gestió, personals i socials</strong>
<ul>
<li>Constància per a l'actualització normativa per a un desenvolupament correcte de l'activitat professional</li>
<li>Assimilació de les nocions més importants relacionades amb la Seguretat Social, la normativa i la gestió</li>
</ul>

<span style="color:#c1002b">Mòdul 2 · Retribució i cotització SS</span>
<strong>Definició i afectació del Salari Mínim Interprofessional (SMI)</strong>
<ul>
<li>Import del SMI</li>
<li>Compensació i absorció</li>
<li>Afectació del SMI als treballadors indefinits, temporals i empleats de la llar</li>
<li>Valors legals: interès legal dels diners i actualització de l'IPREM (Indicador Públic de Rendes d'Efectes Múltiples)</li>
</ul>

<strong>Normes de cotització a la Seguretat Social, Atur, Garantia Salarial i Formació Professional</strong>
<ul>
<li>Cotització a la Seguretat Social: Règim General</li>
<li>Cotització RETA i RE Agrari</li>
<li>Cotització en supòsits especials</li>
<li>Bases i tipus de cotització</li>
<li>Coeficients reductors</li>
<li>Tarifa d'Accidents de Treball i Malaltia Professional</li>
</ul>

<strong>Habilitats de gestió, personals i socials</strong>
<ul>
<li>Adaptació a les noves normatives i predisposició per a la seva aplicació</li>
<li>Assimilació de les nocions relacionades amb la Seguretat Social i l'SMI, la normativa i la gestió</li>
</ul>

<span style="color:#c1002b"><strong>Objectiu general</strong></span>
Analitzar les novetats legislatives en matèria laboral i de seguretat social publicades dins l’àmbit de la Llei de Pressupostos Generals de l'Estat i les seves normes annexes, i les actualitzacions, en aquesta mateixa matèria, publicades a principis d'any.

<span style="color:#c1002b">Objectius específics</span>
<ul>
<li>Identificar i analitzar les novetats socio-laborals publicades en la Llei de Pressupostos Generals de l'Estat i la normativa complementària.</li>

<li>Conèixer la normativa vigent sobre cotització a la Seguretat Social, novetats i canvis rellevants.</li>

<li>Analitzar la revaloració de pensions, imports mínims i complements, i altres prestacions socials públiques.</li>

<li>Distingir l'impacte de les novetats legislatives en la gestió laboral i la pràctica professional.</li>
</ul>

<span style="color:#c1002b">Requisits dels alumnes</span>
<ul>
<li><strong>Estudis (Acreditacions/Titulacions)</strong>
  <ul>
    <li>Certificat de professionalitat nivell 1 (de la mateixa família i àrea professional)</li>
    <li>Títol Professional Bàsic (FP Bàsica)</li>
    <li>Títol de Graduat en Educació Secundària Obligatòria (ESO) o equivalent</li>
    <li>Títol de Tècnic (FP Grau Mitjà) o equivalent</li>
    <li>Certificat de Professionalitat de nivell 2</li>
    <li>Haver superat la prova d'accés a Cicles Formatius de Grau Mitjà</li>
    <li>Haver superat qualsevol prova oficial d'accés a la Universitat</li>
  </ul>
</li>

<li><strong>Experiència professional</strong>
  <ul>
    <li>No es requereix.</li>
  </ul>
</li>

<li><strong>Altres requisits</strong>
  <ul>
    <li>Si no es disposa de la titulació mínima ni de l'experiència, es podrà accedir mitjançant <a href="https://forms.gle/YNMmDTJEszXDMv4R8">prova d'accés</a> acreditant coneixements i competències suficients.</li>
    <li>Per a la modalitat de teleformació: destreses suficients per ser usuari de la plataforma virtual.</li>
  </ul>
</li>
</ul>

El curs està dirigit a tots els alumnes interessats en el tema personal o professionalment.

<ul>
<li>Persones que cotitzen per Règim General o Autònom.</li>
<li>Persones en situació d'atur: Aquest col·lectiu té l'accés limitat a aquest Pla de Formació, per la qual cosa no tindran garantida la seva plaça fins que portin la documentació presencialment al Centre de Formació i es comprovi que no s'excedeix la limitació estipulada pel Reial decret 694/2017.</li>
<li>Els treballadors de l'Administració Pública no poden accedir a aquest Pla de Formació Sectorial.</li>
</ul>

<!-- This site is optimized with the Yoast SEO plugin v27.2 - https://yoast.com/product/yoast-seo-wordpress/ -->
<title>Actualització socio-laboral -</title>
<meta name="robots" content="noindex, follow, max-snippet:-1, max-image-preview:large, max-video-preview:-1" />
<meta property="og:locale" content="ca_ES" />
<meta property="og:type" content="article" />
<meta property="og:title" content="Actualització socio-laboral -" />
<meta property="og:url" content="https://foment.teamdesarrollo.com/ca/formacio/actualitzacio-socio-laboral/" />
<meta property="article:modified_time" content="2026-04-29T07:59:41+00:00" />
<meta name="twitter:card" content="summary_large_image" />
<script type="application/ld+json" class="yoast-schema-graph">{"@context":"https://schema.org","@graph":[{"@type":"WebPage","@id":"https://foment.teamdesarrollo.com/ca/formacio/actualitzacio-socio-laboral/","url":"https://foment.teamdesarrollo.com/ca/formacio/actualitzacio-socio-laboral/","name":"Actualització socio-laboral -","isPartOf":{"@id":"https://foment.teamdesarrollo.com/ca/#website"},"datePublished":"2026-04-29T07:54:21+00:00","dateModified":"2026-04-29T07:59:41+00:00","breadcrumb":{"@id":"https://foment.teamdesarrollo.com/ca/formacio/actualitzacio-socio-laboral/#breadcrumb"},"inLanguage":"ca","potentialAction":[{"@type":"ReadAction","target":["https://foment.teamdesarrollo.com/ca/formacio/actualitzacio-socio-laboral/"]}]},{"@type":"BreadcrumbList","@id":"https://foment.teamdesarrollo.com/ca/formacio/actualitzacio-socio-laboral/#breadcrumb","itemListElement":[{"@type":"ListItem","position":1,"name":"Portada","item":"https://foment.teamdesarrollo.com/ca/"},{"@type":"ListItem","position":2,"name":"Cursos","item":"https://foment.teamdesarrollo.com/ca/formacio/"},{"@type":"ListItem","position":3,"name":"Actualització socio-laboral"}]},{"@type":"WebSite","@id":"https://foment.teamdesarrollo.com/ca/#website","url":"https://foment.teamdesarrollo.com/ca/","name":"","description":"","potentialAction":[{"@type":"SearchAction","target":{"@type":"EntryPoint","urlTemplate":"https://foment.teamdesarrollo.com/ca/?s={search_term_string}"},"query-input":{"@type":"PropertyValueSpecification","valueRequired":true,"valueName":"search_term_string"}}],"inLanguage":"ca"}]}</script>
<!-- / Yoast SEO plugin. -->

Actualització socio-laboral -
