{"id":1443,"date":"2026-04-29T07:54:17","date_gmt":"2026-04-29T07:54:17","guid":{"rendered":"https:\/\/reverent-almeida.91-213-46-106.plesk.page\/formacion\/mindfulness-4\/"},"modified":"2026-04-29T07:59:38","modified_gmt":"2026-04-29T07:59:38","slug":"mindfulness-4","status":"publish","type":"curso_foment","link":"https:\/\/foment.teamdesarrollo.com\/ca\/formacio\/mindfulness-4\/","title":{"rendered":"Mindfulness"},"featured_media":0,"template":"","meta":{"_doceos_id":"17276","_start_date":"2026-06-02T22:00:00.000000Z","_end_date":"2026-07-15T22:00:00.000000Z","_available_seats":"37","_seats":"40","_lang_code":"ca","_tt_days_mask":"1111100","_tt_pm_start":"00:00:00","_tt_pm_end":"00:00:00","_timetable_desc":"","_horario_tipo":"Ma\u00f1ana","_presence_hours":"0","_teletraining_hours":"30","_distance_hours":"0","_syllabus":"M\u00f2dul 1 \u00b7 Principis b\u00e0sics del mindfulness i l\u2019atenci\u00f3 plena\n  - Identificaci\u00f3 dels fonaments del mindfulness i l'atenci\u00f3 plena\n  - Implicaci\u00f3 amb els conceptes b\u00e0sics mindfulness i la gesti\u00f3 de l'estr\u00e8s\n\nM\u00f2dul 2 \u00b7 Ampliaci\u00f3 dels nivells de consci\u00e8ncia\n  - Descripci\u00f3 de la consci\u00e8ncia i l'autoconeixement\n  - Inter\u00e8s per la millora del grau d'autoconsci\u00e8ncia i resposta emocional\n\nM\u00f2dul 3 \u00b7 Incorporaci\u00f3 del mindfulness al dia a dia\n  - Utilitzaci\u00f3 del mindfulness a l'\u00e0mbit personal i professional\n  - Predisposici\u00f3 a la utilitzaci\u00f3 de les diferents t\u00e8cniques i principis del dia a dia","_contingut":"<span style=\"color:#c1002b\">Contingut del curs<\/span>\n<span style=\"color:#c1002b\">M\u00f2dul 1 \u00b7 Principis b\u00e0sics del mindfulness i l\u2019atenci\u00f3 plena<\/span>\n<strong>Identificaci\u00f3 dels fonaments del mindfulness i l'atenci\u00f3 plena<\/strong>\n<ul>\n<li>Definici\u00f3 dels conceptes de mindfulness i atenci\u00f3 plena<\/li>\n<li>Aplicaci\u00f3 de t\u00e8cniques de respiraci\u00f3 i relaxaci\u00f3<\/li>\n<li>Adquisici\u00f3 de consci\u00e8ncia corporal<\/li>\n<li>Gesti\u00f3 de l'estr\u00e8s<\/li>\n<li>Iniciaci\u00f3 a la pr\u00e0ctica de la meditaci\u00f3<\/li>\n<\/ul>\n\n<strong>Implicaci\u00f3 amb els conceptes b\u00e0sics mindfulness i la gesti\u00f3 de l'estr\u00e8s<\/strong>\n<ul>\n<li>Habilitats de gesti\u00f3 personals i socials relacionades<\/li>\n<\/ul>\n\n<span style=\"color:#c1002b\">M\u00f2dul 2 \u00b7 Ampliaci\u00f3 dels nivells de consci\u00e8ncia<\/span>\n<strong>Descripci\u00f3 de la consci\u00e8ncia i l'autoconeixement<\/strong>\n<ul>\n<li>Diferenciaci\u00f3 dels mecanismes de reacci\u00f3 emocional<\/li>\n<li>Comprensi\u00f3 del terme acceptaci\u00f3<\/li>\n<li>Reducci\u00f3 del judici<\/li>\n<li>Ampliaci\u00f3 de la compassi\u00f3<\/li>\n<li>Eliminaci\u00f3 d'expectatives<\/li>\n<li>Connexi\u00f3 amb la gratitud<\/li>\n<\/ul>\n\n<strong>Inter\u00e8s per la millora del grau d'autoconsci\u00e8ncia i resposta emocional<\/strong>\n<ul>\n<li>Habilitats de gesti\u00f3 personals i socials relacionades<\/li>\n<\/ul>\n\n<span style=\"color:#c1002b\">M\u00f2dul 3 \u00b7 Incorporaci\u00f3 del mindfulness al dia a dia<\/span>\n<strong>Utilitzaci\u00f3 del mindfulness a l'\u00e0mbit personal i professional<\/strong>\n<ul>\n<li>Execuci\u00f3 dels diferents tipus de meditaci\u00f3<\/li>\n<li>Gesti\u00f3 del temps<\/li>\n<li>Aplicaci\u00f3 del fluir amb l'acci\u00f3 o flow<\/li>\n<li>Comunicaci\u00f3 conscient i assertiva en les relacions personals i laborals<\/li>\n<\/ul>\n\n<strong>Predisposici\u00f3 a la utilitzaci\u00f3 de les diferents t\u00e8cniques i principis del dia a dia<\/strong>\n<ul>\n<li>Habilitats de gesti\u00f3 personals i socials relacionades<\/li>\n<\/ul>","_objectius":"<span style=\"color:#c1002b\"><strong>Objectiu general<\/strong><\/span>\nIdentificar les t\u00e8cniques i els coneixements necessaris per a la millora personal i professional potenciant l'autoconsci\u00e8ncia, la gesti\u00f3 del canvi i el benestar general\n\n<span style=\"color:#c1002b\">Objectius espec\u00edfics<\/span>\n<ul>\n<li>Definir les t\u00e8cniques de relaxaci\u00f3 i respiraci\u00f3 com a procediment per a la gesti\u00f3 de les emocions<\/li>\n\n<li>Explicar els nivells de consci\u00e8ncia per ampliar l'autoconeixement<\/li>\n\n<li>Aplicar els aprenentatges i les t\u00e8cniques de mindfulness als diferents \u00e0mbits de la vida<\/li>\n<\/ul>","_requisits":"<span style=\"color:#c1002b\">Requisits dels alumnes<\/span>\n<ul>\n<li><strong>Estudis (Acreditacions\/Titulacions)<\/strong>\n  <ul>\n    <li>No s'exigeix cap requisit per accedir a la formaci\u00f3, encara que s'han de posseir prou habilitats de comunicaci\u00f3 ling\u00fc\u00edstica que permetin cursar amb aprofitament la formaci\u00f3.<\/li>\n  <\/ul>\n<\/li>\n\n<li><strong>Experi\u00e8ncia professional<\/strong>\n  <ul>\n    <li>No es requereix.<\/li>\n  <\/ul>\n<\/li>\n\n<li><strong>Altres requisits<\/strong>\n  <ul>\n    <li>En el cas de teleformaci\u00f3, l'alumnat ha de tenir les destreses suficients per a ser usuaris de la plataforma virtual en la qual es recolza l'acci\u00f3 formativa.<\/li>\n  <\/ul>\n<\/li>\n<\/ul>\nEl curs est\u00e0 dirigit a tots els alumnes interessats en el tema personal o professionalment.\n<ul>\n \t<li>Persones que cotitzen per R\u00e8gim General o Aut\u00f2nom.<\/li>\n \t<li>Persones en situaci\u00f3 d'atur: Aquest col\u00b7lectiu t\u00e9 l'acc\u00e9s limitat a aquest Pla de Formaci\u00f3, per la qual cosa no tindran garantida la seva pla\u00e7a fins que portin la documentaci\u00f3 presencialment al Centre de Formaci\u00f3 i es comprovi que no s'excedeix la limitaci\u00f3 estipulada per al Reial decret 694\/2017, de 3 de juliol, pel qual es desplega la Llei 30\/2015, de 9 de setembre, per la qual es regula el sistema de formaci\u00f3 professional per a l\u2019ocupaci\u00f3 en l\u2019\u00e0mbit laboral.<\/li>\n<\/ul>\n","_materials":null,"_resp_name":"Silvia Sanchez Soler","_resp_email":null,"_certificado":"0","_adaptado":"0","_modality_id":"2","_training_area_id":"3","_custom_code":null,"_group":"2","_closed":"0","_full":"0","_num_sessions":null,"_visible_on_web":"1","_wpml_trid":"1215","_wpml_lang":"ca"},"class_list":["post-1443","curso_foment","type-curso_foment","status-publish","hentry"],"yoast_head":"<!-- This site is optimized with the Yoast SEO plugin v27.2 - https:\/\/yoast.com\/product\/yoast-seo-wordpress\/ -->\n<title>Mindfulness -<\/title>\n<meta name=\"robots\" content=\"noindex, follow, max-snippet:-1, max-image-preview:large, max-video-preview:-1\" \/>\n<meta property=\"og:locale\" content=\"ca_ES\" \/>\n<meta property=\"og:type\" content=\"article\" \/>\n<meta property=\"og:title\" content=\"Mindfulness -\" \/>\n<meta property=\"og:url\" content=\"https:\/\/foment.teamdesarrollo.com\/ca\/formacio\/mindfulness-4\/\" \/>\n<meta property=\"article:modified_time\" content=\"2026-04-29T07:59:38+00:00\" \/>\n<meta name=\"twitter:card\" content=\"summary_large_image\" \/>\n<script type=\"application\/ld+json\" class=\"yoast-schema-graph\">{\"@context\":\"https:\/\/schema.org\",\"@graph\":[{\"@type\":\"WebPage\",\"@id\":\"https:\/\/foment.teamdesarrollo.com\/ca\/formacio\/mindfulness-4\/\",\"url\":\"https:\/\/foment.teamdesarrollo.com\/ca\/formacio\/mindfulness-4\/\",\"name\":\"Mindfulness -\",\"isPartOf\":{\"@id\":\"https:\/\/foment.teamdesarrollo.com\/ca\/#website\"},\"datePublished\":\"2026-04-29T07:54:17+00:00\",\"dateModified\":\"2026-04-29T07:59:38+00:00\",\"breadcrumb\":{\"@id\":\"https:\/\/foment.teamdesarrollo.com\/ca\/formacio\/mindfulness-4\/#breadcrumb\"},\"inLanguage\":\"ca\",\"potentialAction\":[{\"@type\":\"ReadAction\",\"target\":[\"https:\/\/foment.teamdesarrollo.com\/ca\/formacio\/mindfulness-4\/\"]}]},{\"@type\":\"BreadcrumbList\",\"@id\":\"https:\/\/foment.teamdesarrollo.com\/ca\/formacio\/mindfulness-4\/#breadcrumb\",\"itemListElement\":[{\"@type\":\"ListItem\",\"position\":1,\"name\":\"Portada\",\"item\":\"https:\/\/foment.teamdesarrollo.com\/ca\/\"},{\"@type\":\"ListItem\",\"position\":2,\"name\":\"Cursos\",\"item\":\"https:\/\/foment.teamdesarrollo.com\/ca\/formacio\/\"},{\"@type\":\"ListItem\",\"position\":3,\"name\":\"Mindfulness\"}]},{\"@type\":\"WebSite\",\"@id\":\"https:\/\/foment.teamdesarrollo.com\/ca\/#website\",\"url\":\"https:\/\/foment.teamdesarrollo.com\/ca\/\",\"name\":\"\",\"description\":\"\",\"potentialAction\":[{\"@type\":\"SearchAction\",\"target\":{\"@type\":\"EntryPoint\",\"urlTemplate\":\"https:\/\/foment.teamdesarrollo.com\/ca\/?s={search_term_string}\"},\"query-input\":{\"@type\":\"PropertyValueSpecification\",\"valueRequired\":true,\"valueName\":\"search_term_string\"}}],\"inLanguage\":\"ca\"}]}<\/script>\n<!-- \/ Yoast SEO plugin. -->","yoast_head_json":{"title":"Mindfulness -","robots":{"index":"noindex","follow":"follow","max-snippet":"max-snippet:-1","max-image-preview":"max-image-preview:large","max-video-preview":"max-video-preview:-1"},"og_locale":"ca_ES","og_type":"article","og_title":"Mindfulness -","og_url":"https:\/\/foment.teamdesarrollo.com\/ca\/formacio\/mindfulness-4\/","article_modified_time":"2026-04-29T07:59:38+00:00","twitter_card":"summary_large_image","schema":{"@context":"https:\/\/schema.org","@graph":[{"@type":"WebPage","@id":"https:\/\/foment.teamdesarrollo.com\/ca\/formacio\/mindfulness-4\/","url":"https:\/\/foment.teamdesarrollo.com\/ca\/formacio\/mindfulness-4\/","name":"Mindfulness -","isPartOf":{"@id":"https:\/\/foment.teamdesarrollo.com\/ca\/#website"},"datePublished":"2026-04-29T07:54:17+00:00","dateModified":"2026-04-29T07:59:38+00:00","breadcrumb":{"@id":"https:\/\/foment.teamdesarrollo.com\/ca\/formacio\/mindfulness-4\/#breadcrumb"},"inLanguage":"ca","potentialAction":[{"@type":"ReadAction","target":["https:\/\/foment.teamdesarrollo.com\/ca\/formacio\/mindfulness-4\/"]}]},{"@type":"BreadcrumbList","@id":"https:\/\/foment.teamdesarrollo.com\/ca\/formacio\/mindfulness-4\/#breadcrumb","itemListElement":[{"@type":"ListItem","position":1,"name":"Portada","item":"https:\/\/foment.teamdesarrollo.com\/ca\/"},{"@type":"ListItem","position":2,"name":"Cursos","item":"https:\/\/foment.teamdesarrollo.com\/ca\/formacio\/"},{"@type":"ListItem","position":3,"name":"Mindfulness"}]},{"@type":"WebSite","@id":"https:\/\/foment.teamdesarrollo.com\/ca\/#website","url":"https:\/\/foment.teamdesarrollo.com\/ca\/","name":"","description":"","potentialAction":[{"@type":"SearchAction","target":{"@type":"EntryPoint","urlTemplate":"https:\/\/foment.teamdesarrollo.com\/ca\/?s={search_term_string}"},"query-input":{"@type":"PropertyValueSpecification","valueRequired":true,"valueName":"search_term_string"}}],"inLanguage":"ca"}]}},"_links":{"self":[{"href":"https:\/\/foment.teamdesarrollo.com\/ca\/wp-json\/wp\/v2\/curso_foment\/1443","targetHints":{"allow":["GET"]}}],"collection":[{"href":"https:\/\/foment.teamdesarrollo.com\/ca\/wp-json\/wp\/v2\/curso_foment"}],"about":[{"href":"https:\/\/foment.teamdesarrollo.com\/ca\/wp-json\/wp\/v2\/types\/curso_foment"}],"wp:attachment":[{"href":"https:\/\/foment.teamdesarrollo.com\/ca\/wp-json\/wp\/v2\/media?parent=1443"}],"curies":[{"name":"wp","href":"https:\/\/api.w.org\/{rel}","templated":true}]}}

Mañana

Mòdul 1 · Principis bàsics del mindfulness i l’atenció plena
  - Identificació dels fonaments del mindfulness i l'atenció plena
  - Implicació amb els conceptes bàsics mindfulness i la gestió de l'estrès

Mòdul 2 · Ampliació dels nivells de consciència
  - Descripció de la consciència i l'autoconeixement
  - Interès per la millora del grau d'autoconsciència i resposta emocional

Mòdul 3 · Incorporació del mindfulness al dia a dia
  - Utilització del mindfulness a l'àmbit personal i professional
  - Predisposició a la utilització de les diferents tècniques i principis del dia a dia

<span style="color:#c1002b">Contingut del curs</span>
<span style="color:#c1002b">Mòdul 1 · Principis bàsics del mindfulness i l’atenció plena</span>
<strong>Identificació dels fonaments del mindfulness i l'atenció plena</strong>
<ul>
<li>Definició dels conceptes de mindfulness i atenció plena</li>
<li>Aplicació de tècniques de respiració i relaxació</li>
<li>Adquisició de consciència corporal</li>
<li>Gestió de l'estrès</li>
<li>Iniciació a la pràctica de la meditació</li>
</ul>

<strong>Implicació amb els conceptes bàsics mindfulness i la gestió de l'estrès</strong>
<ul>
<li>Habilitats de gestió personals i socials relacionades</li>
</ul>

<span style="color:#c1002b">Mòdul 2 · Ampliació dels nivells de consciència</span>
<strong>Descripció de la consciència i l'autoconeixement</strong>
<ul>
<li>Diferenciació dels mecanismes de reacció emocional</li>
<li>Comprensió del terme acceptació</li>
<li>Reducció del judici</li>
<li>Ampliació de la compassió</li>
<li>Eliminació d'expectatives</li>
<li>Connexió amb la gratitud</li>
</ul>

<strong>Interès per la millora del grau d'autoconsciència i resposta emocional</strong>
<ul>
<li>Habilitats de gestió personals i socials relacionades</li>
</ul>

<span style="color:#c1002b">Mòdul 3 · Incorporació del mindfulness al dia a dia</span>
<strong>Utilització del mindfulness a l'àmbit personal i professional</strong>
<ul>
<li>Execució dels diferents tipus de meditació</li>
<li>Gestió del temps</li>
<li>Aplicació del fluir amb l'acció o flow</li>
<li>Comunicació conscient i assertiva en les relacions personals i laborals</li>
</ul>

<strong>Predisposició a la utilització de les diferents tècniques i principis del dia a dia</strong>
<ul>
<li>Habilitats de gestió personals i socials relacionades</li>
</ul>

<span style="color:#c1002b"><strong>Objectiu general</strong></span>
Identificar les tècniques i els coneixements necessaris per a la millora personal i professional potenciant l'autoconsciència, la gestió del canvi i el benestar general

<span style="color:#c1002b">Objectius específics</span>
<ul>
<li>Definir les tècniques de relaxació i respiració com a procediment per a la gestió de les emocions</li>

<li>Explicar els nivells de consciència per ampliar l'autoconeixement</li>

<li>Aplicar els aprenentatges i les tècniques de mindfulness als diferents àmbits de la vida</li>
</ul>

<span style="color:#c1002b">Requisits dels alumnes</span>
<ul>
<li><strong>Estudis (Acreditacions/Titulacions)</strong>
  <ul>
    <li>No s'exigeix cap requisit per accedir a la formació, encara que s'han de posseir prou habilitats de comunicació lingüística que permetin cursar amb aprofitament la formació.</li>
  </ul>
</li>

<li><strong>Experiència professional</strong>
  <ul>
    <li>No es requereix.</li>
  </ul>
</li>

<li><strong>Altres requisits</strong>
  <ul>
    <li>En el cas de teleformació, l'alumnat ha de tenir les destreses suficients per a ser usuaris de la plataforma virtual en la qual es recolza l'acció formativa.</li>
  </ul>
</li>
</ul>
El curs està dirigit a tots els alumnes interessats en el tema personal o professionalment.
<ul>
 	<li>Persones que cotitzen per Règim General o Autònom.</li>
 	<li>Persones en situació d'atur: Aquest col·lectiu té l'accés limitat a aquest Pla de Formació, per la qual cosa no tindran garantida la seva plaça fins que portin la documentació presencialment al Centre de Formació i es comprovi que no s'excedeix la limitació estipulada per al Reial decret 694/2017, de 3 de juliol, pel qual es desplega la Llei 30/2015, de 9 de setembre, per la qual es regula el sistema de formació professional per a l’ocupació en l’àmbit laboral.</li>
</ul>
