{"id":1437,"date":"2026-04-29T07:54:16","date_gmt":"2026-04-29T07:54:16","guid":{"rendered":"https:\/\/reverent-almeida.91-213-46-106.plesk.page\/formacion\/catala-elemental-1-b1-1\/"},"modified":"2026-04-29T07:59:37","modified_gmt":"2026-04-29T07:59:37","slug":"catala-elemental-1-b1-1","status":"publish","type":"curso_foment","link":"https:\/\/foment.teamdesarrollo.com\/ca\/formacio\/catala-elemental-1-b1-1\/","title":{"rendered":"Catal\u00e0 elemental 1 (B1.1)"},"featured_media":0,"template":"","meta":{"_doceos_id":"17273","_start_date":"2026-09-13T22:00:00.000000Z","_end_date":"2026-11-03T23:00:00.000000Z","_available_seats":"20","_seats":"20","_lang_code":"ca","_tt_days_mask":"1010000","_tt_pm_start":"18:00:00","_tt_pm_end":"21:00:00","_timetable_desc":"Monday and Wednesday from 18:00 to 21:00","_horario_tipo":"Tarde","_presence_hours":"45","_teletraining_hours":"0","_distance_hours":"0","_syllabus":"M\u00f2dul 1 \u00b7 Catal\u00e0 Elemental 1\n  - Habilitats comunicatives\n  - Gram\u00e0tica\n  - L\u00e8xic (Eixos tem\u00e0tics)\n  - Habilitats de gesti\u00f3, personals i socials","_contingut":"<span style=\"color:#c1002b\">Contingut del curs<\/span>\n<span style=\"color:#c1002b\">M\u00f2dul 1 \u00b7 Catal\u00e0 Elemental 1<\/span>\n<strong>Habilitats comunicatives<\/strong>\n<ul>\n<li>Participar en converses sobre la vida quotidiana, donar-ne explicacions i expressar-ne l'opini\u00f3.<\/li>\n<li>Intercanviar informaci\u00f3 sobre fets, llocs, esdeveniments i experi\u00e8ncies.<\/li>\n<li>Donar explicacions o excuses en cas d'infracci\u00f3.<\/li>\n<li>Expressar sentiments i estats d'\u00e0nim.<\/li>\n<li>Expressar desitjos.<\/li>\n<li>Proposar, suggerir, donar consells i fer recomanacions.<\/li>\n<li>Donar ordres i instruccions i fer prohibicions.<\/li>\n<li>Descriure espais.<\/li>\n<li>Sol\u00b7licitar serveis habituals de l'\u00e0mbit privat i p\u00fablic.<\/li>\n<li>Demanar informaci\u00f3 per fer un viatge i fer reserves a una ag\u00e8ncia.<\/li>\n<li>Demanar assist\u00e8ncia urgent en cas d'accident o malaltia.<\/li>\n<li>Explicar amb detall una avaria o una anomalia de funcionament d\u2019un servei per fer una reclamaci\u00f3 o una inst\u00e0ncia adre\u00e7ada a l\u2019Administraci\u00f3.<\/li>\n<li>Escriure textos senzills o missatges breus com postals i felicitacions.<\/li>\n<li>Redactar correus electr\u00f2nics i missatges breus i senzills en xarxes telem\u00e0tiques.<\/li>\n<\/ul>\n<strong>Gram\u00e0tica<\/strong>\n<ul>\n<li>Determinants indefinits.<\/li>\n<li>Substantius: flexi\u00f3 de g\u00e8nere i nombre.<\/li>\n<li>Verbs: modes i conjugacions verbals, formes de l\u2019indicatiu (present, passat, futur i condicional), contrast de passats, formes no personals i participis irregulars, verbs copulatius (ser, estar i semblar).<\/li>\n<li>Interrogatius (qu\u00e8, qui, quin, on, com, quan, quant) i oracions interrogatives indirectes.<\/li>\n<li>Pronoms adverbials i d\u2019atribut i combinaci\u00f3 de pronoms febles.<\/li>\n<li>Connectors discursius: adverbis i preposicions.<\/li>\n<li>Adverbis i locucions adverbials de manera, quantitat, possibilitat, afirmaci\u00f3 i negaci\u00f3.<\/li>\n<\/ul>\n<strong>L\u00e8xic (Eixos tem\u00e0tics)<\/strong>\n<ul>\n<li>Derivats.<\/li>\n<li>Locucions i frases fetes.<\/li>\n<li>Distinci\u00f3 del significat dels mots medi\/mitj\u00e0, anar\/venir.<\/li>\n<li>Tasques de la llar: ordre, neteja, estris, desperfectes, reparacions i eines.<\/li>\n<li>M\u00f3n laboral: oficis.<\/li>\n<li>Vacances: viatges, an\u00e8cdotes i incidents.<\/li>\n<li>Salut i anatomia: parts del cos i malalties.<\/li>\n<\/ul>\n<strong>Habilitats de gesti\u00f3, personals i socials<\/strong>\n<ul>\n<li>Inter\u00e8s i curiositat per la societat i la cultura catalana.<\/li>\n<li>Curiositat per ampliar i aprofundir en el l\u00e8xic catal\u00e0 corresponent al nivell d'aprenentatge.<\/li>\n<li>Predisposici\u00f3 per assimilar i practicar les estructures gramaticals de la llengua catalana.<\/li>\n<li>Participaci\u00f3 activa en el proc\u00e9s d'adquisici\u00f3 dels elements gramaticals de l'idioma catalana.<\/li>\n<li>Atenci\u00f3 en l'ortografia i la fon\u00e8tica durant l'aprenentatge de la llengua catalana.<\/li>\n<li>Inter\u00e8s per millorar la fon\u00e8tica i l'ortografia en el proc\u00e9s d'aprenentatge.<\/li>\n<\/ul>","_objectius":"<span style=\"color:#c1002b\"><strong>Objectiu general<\/strong><\/span>\nComprendre textos orals i converses poc complexes de la vida professional o d'inter\u00e8s propi. Entendre textos escrits sobre temes d'inter\u00e8s general i espec\u00edfic. Expressar-se oralment sobre temes d'inter\u00e8s general i mantenir converses sobre qualsevol tema de la vida quotidiana. Escriure textos usuals de l'entorn quotidi\u00e0.\n\n<span style=\"color:#c1002b\">Objectius espec\u00edfics<\/span>\n<ul> \n<li>Participar en converses sobre la vida quotidiana, donar explicacions i expressar opinions.<\/li>\n<li>Intercanviar informaci\u00f3 sobre fets, llocs, esdeveniments i experi\u00e8ncies.<\/li>\n<li>Donar explicacions o excuses en cas d'infracci\u00f3.<\/li>\n<li>Expressar sentiments, estats d'\u00e0nim i desitjos.<\/li>\n<li>Proposar, suggerir, donar consells i fer recomanacions.<\/li>\n<li>Donar ordres, instruccions i fer prohibicions.<\/li>\n<li>Descriure espais.<\/li>\n<li>Sol\u00b7licitar serveis habituals en l'\u00e0mbit privat i p\u00fablic.<\/li>\n<li>Demanar informaci\u00f3 per a viatges, fer reserves i sol\u00b7licitar assist\u00e8ncia urgent.<\/li>\n<li>Explicar avaries o anomalies per fer reclamacions o inst\u00e0ncies a l\u2019Administraci\u00f3.<\/li>\n<li>Escriure textos senzills, missatges breus, postals, felicitacions i correus electr\u00f2nics en catal\u00e0 b\u00e0sic.<\/li>\n<\/ul>","_requisits":"<span style=\"color:#c1002b\">Requisits dels alumnes<\/span>\n<ul>\n<li><strong>Estudis (Acreditacions\/Titulacions)<\/strong>\n  <ul>\n    <li>Certificat d'un curs de nivell de llengua catalana immediatament inferior em\u00e8s per l\u2019\u00f2rgan competent de la Comunitat Aut\u00f2noma, o equivalent.<\/li>\n    <li>Prova de nivell de llengua catalana.<\/li>\n  <\/ul>\n<\/li>\n\n<li><strong>Experi\u00e8ncia professional<\/strong>\n  <ul>\n    <li>No es requereix experi\u00e8ncia professional.<\/li>\n  <\/ul>\n<\/li>\n\n<li><strong>Altres requisits<\/strong>\n  <ul>\n    <li>Persones que no parlen ni entenen el catal\u00e0 i volen desenvolupar les habilitats orals per relacionar-se amb el seu entorn o per desenvolupar les seves tasques professionals.<\/li>\n    <li>En modalitat de teleformaci\u00f3: tenir les destreses suficients per ser usuari de la plataforma virtual en la qual es recolza l\u2019acci\u00f3 formativa.<\/li>\n    <li>Nivell de coneixement de la llengua catalana: Catal\u00e0 nivell b\u00e0sic A2 assolit o contrastable amb una prova espec\u00edfica de nivell.<\/li>\n  <\/ul>\n<\/li>\n<\/ul>\nEl curs est\u00e0 dirigit a tots els alumnes interessats en el tema personal o professionalment.\n<ul>\n \t<li>Persones que cotitzen per R\u00e8gim General o Aut\u00f2nom.<\/li>\n \t<li>Persones en situaci\u00f3 d'atur: Aquest col\u00b7lectiu t\u00e9 l'acc\u00e9s limitat a aquest Pla de Formaci\u00f3, per la qual cosa no tindran garantida la seva pla\u00e7a fins que portin la documentaci\u00f3 presencialment al Centre de Formaci\u00f3 i es comprovi que no s'excedeix la limitaci\u00f3 estipulada per al Reial decret 694\/2017, de 3 de juliol, pel qual es desplega la Llei 30\/2015, de 9 de setembre, per la qual es regula el sistema de formaci\u00f3 professional per a l\u2019ocupaci\u00f3 en l\u2019\u00e0mbit laboral.<\/li>\n<\/ul>","_materials":null,"_resp_name":"Pilar Sanchez Serrano","_resp_email":null,"_certificado":"0","_adaptado":"0","_modality_id":"1","_training_area_id":"5","_custom_code":null,"_group":"1","_closed":"0","_full":"0","_num_sessions":null,"_visible_on_web":"1","_wpml_trid":"1212","_wpml_lang":"ca"},"class_list":["post-1437","curso_foment","type-curso_foment","status-publish","hentry"],"yoast_head":"<!-- This site is optimized with the Yoast SEO plugin v27.2 - https:\/\/yoast.com\/product\/yoast-seo-wordpress\/ -->\n<title>Catal\u00e0 elemental 1 (B1.1) -<\/title>\n<meta name=\"robots\" content=\"noindex, follow, max-snippet:-1, max-image-preview:large, max-video-preview:-1\" \/>\n<meta property=\"og:locale\" content=\"ca_ES\" \/>\n<meta property=\"og:type\" content=\"article\" \/>\n<meta property=\"og:title\" content=\"Catal\u00e0 elemental 1 (B1.1) -\" \/>\n<meta property=\"og:url\" content=\"https:\/\/foment.teamdesarrollo.com\/ca\/formacio\/catala-elemental-1-b1-1\/\" \/>\n<meta property=\"article:modified_time\" content=\"2026-04-29T07:59:37+00:00\" \/>\n<meta name=\"twitter:card\" content=\"summary_large_image\" \/>\n<script type=\"application\/ld+json\" class=\"yoast-schema-graph\">{\"@context\":\"https:\/\/schema.org\",\"@graph\":[{\"@type\":\"WebPage\",\"@id\":\"https:\/\/foment.teamdesarrollo.com\/ca\/formacio\/catala-elemental-1-b1-1\/\",\"url\":\"https:\/\/foment.teamdesarrollo.com\/ca\/formacio\/catala-elemental-1-b1-1\/\",\"name\":\"Catal\u00e0 elemental 1 (B1.1) -\",\"isPartOf\":{\"@id\":\"https:\/\/foment.teamdesarrollo.com\/ca\/#website\"},\"datePublished\":\"2026-04-29T07:54:16+00:00\",\"dateModified\":\"2026-04-29T07:59:37+00:00\",\"breadcrumb\":{\"@id\":\"https:\/\/foment.teamdesarrollo.com\/ca\/formacio\/catala-elemental-1-b1-1\/#breadcrumb\"},\"inLanguage\":\"ca\",\"potentialAction\":[{\"@type\":\"ReadAction\",\"target\":[\"https:\/\/foment.teamdesarrollo.com\/ca\/formacio\/catala-elemental-1-b1-1\/\"]}]},{\"@type\":\"BreadcrumbList\",\"@id\":\"https:\/\/foment.teamdesarrollo.com\/ca\/formacio\/catala-elemental-1-b1-1\/#breadcrumb\",\"itemListElement\":[{\"@type\":\"ListItem\",\"position\":1,\"name\":\"Portada\",\"item\":\"https:\/\/foment.teamdesarrollo.com\/ca\/\"},{\"@type\":\"ListItem\",\"position\":2,\"name\":\"Cursos\",\"item\":\"https:\/\/foment.teamdesarrollo.com\/ca\/formacio\/\"},{\"@type\":\"ListItem\",\"position\":3,\"name\":\"Catal\u00e0 elemental 1 (B1.1)\"}]},{\"@type\":\"WebSite\",\"@id\":\"https:\/\/foment.teamdesarrollo.com\/ca\/#website\",\"url\":\"https:\/\/foment.teamdesarrollo.com\/ca\/\",\"name\":\"\",\"description\":\"\",\"potentialAction\":[{\"@type\":\"SearchAction\",\"target\":{\"@type\":\"EntryPoint\",\"urlTemplate\":\"https:\/\/foment.teamdesarrollo.com\/ca\/?s={search_term_string}\"},\"query-input\":{\"@type\":\"PropertyValueSpecification\",\"valueRequired\":true,\"valueName\":\"search_term_string\"}}],\"inLanguage\":\"ca\"}]}<\/script>\n<!-- \/ Yoast SEO plugin. -->","yoast_head_json":{"title":"Catal\u00e0 elemental 1 (B1.1) -","robots":{"index":"noindex","follow":"follow","max-snippet":"max-snippet:-1","max-image-preview":"max-image-preview:large","max-video-preview":"max-video-preview:-1"},"og_locale":"ca_ES","og_type":"article","og_title":"Catal\u00e0 elemental 1 (B1.1) -","og_url":"https:\/\/foment.teamdesarrollo.com\/ca\/formacio\/catala-elemental-1-b1-1\/","article_modified_time":"2026-04-29T07:59:37+00:00","twitter_card":"summary_large_image","schema":{"@context":"https:\/\/schema.org","@graph":[{"@type":"WebPage","@id":"https:\/\/foment.teamdesarrollo.com\/ca\/formacio\/catala-elemental-1-b1-1\/","url":"https:\/\/foment.teamdesarrollo.com\/ca\/formacio\/catala-elemental-1-b1-1\/","name":"Catal\u00e0 elemental 1 (B1.1) -","isPartOf":{"@id":"https:\/\/foment.teamdesarrollo.com\/ca\/#website"},"datePublished":"2026-04-29T07:54:16+00:00","dateModified":"2026-04-29T07:59:37+00:00","breadcrumb":{"@id":"https:\/\/foment.teamdesarrollo.com\/ca\/formacio\/catala-elemental-1-b1-1\/#breadcrumb"},"inLanguage":"ca","potentialAction":[{"@type":"ReadAction","target":["https:\/\/foment.teamdesarrollo.com\/ca\/formacio\/catala-elemental-1-b1-1\/"]}]},{"@type":"BreadcrumbList","@id":"https:\/\/foment.teamdesarrollo.com\/ca\/formacio\/catala-elemental-1-b1-1\/#breadcrumb","itemListElement":[{"@type":"ListItem","position":1,"name":"Portada","item":"https:\/\/foment.teamdesarrollo.com\/ca\/"},{"@type":"ListItem","position":2,"name":"Cursos","item":"https:\/\/foment.teamdesarrollo.com\/ca\/formacio\/"},{"@type":"ListItem","position":3,"name":"Catal\u00e0 elemental 1 (B1.1)"}]},{"@type":"WebSite","@id":"https:\/\/foment.teamdesarrollo.com\/ca\/#website","url":"https:\/\/foment.teamdesarrollo.com\/ca\/","name":"","description":"","potentialAction":[{"@type":"SearchAction","target":{"@type":"EntryPoint","urlTemplate":"https:\/\/foment.teamdesarrollo.com\/ca\/?s={search_term_string}"},"query-input":{"@type":"PropertyValueSpecification","valueRequired":true,"valueName":"search_term_string"}}],"inLanguage":"ca"}]}},"_links":{"self":[{"href":"https:\/\/foment.teamdesarrollo.com\/ca\/wp-json\/wp\/v2\/curso_foment\/1437","targetHints":{"allow":["GET"]}}],"collection":[{"href":"https:\/\/foment.teamdesarrollo.com\/ca\/wp-json\/wp\/v2\/curso_foment"}],"about":[{"href":"https:\/\/foment.teamdesarrollo.com\/ca\/wp-json\/wp\/v2\/types\/curso_foment"}],"wp:attachment":[{"href":"https:\/\/foment.teamdesarrollo.com\/ca\/wp-json\/wp\/v2\/media?parent=1437"}],"curies":[{"name":"wp","href":"https:\/\/api.w.org\/{rel}","templated":true}]}}

Català elemental 1 (B1.1)

Mòdul 1 · Català Elemental 1
  - Habilitats comunicatives
  - Gramàtica
  - Lèxic (Eixos temàtics)
  - Habilitats de gestió, personals i socials

<span style="color:#c1002b">Contingut del curs</span>
<span style="color:#c1002b">Mòdul 1 · Català Elemental 1</span>
<strong>Habilitats comunicatives</strong>
<ul>
<li>Participar en converses sobre la vida quotidiana, donar-ne explicacions i expressar-ne l'opinió.</li>
<li>Intercanviar informació sobre fets, llocs, esdeveniments i experiències.</li>
<li>Donar explicacions o excuses en cas d'infracció.</li>
<li>Expressar sentiments i estats d'ànim.</li>
<li>Expressar desitjos.</li>
<li>Proposar, suggerir, donar consells i fer recomanacions.</li>
<li>Donar ordres i instruccions i fer prohibicions.</li>
<li>Descriure espais.</li>
<li>Sol·licitar serveis habituals de l'àmbit privat i públic.</li>
<li>Demanar informació per fer un viatge i fer reserves a una agència.</li>
<li>Demanar assistència urgent en cas d'accident o malaltia.</li>
<li>Explicar amb detall una avaria o una anomalia de funcionament d’un servei per fer una reclamació o una instància adreçada a l’Administració.</li>
<li>Escriure textos senzills o missatges breus com postals i felicitacions.</li>
<li>Redactar correus electrònics i missatges breus i senzills en xarxes telemàtiques.</li>
</ul>
<strong>Gramàtica</strong>
<ul>
<li>Determinants indefinits.</li>
<li>Substantius: flexió de gènere i nombre.</li>
<li>Verbs: modes i conjugacions verbals, formes de l’indicatiu (present, passat, futur i condicional), contrast de passats, formes no personals i participis irregulars, verbs copulatius (ser, estar i semblar).</li>
<li>Interrogatius (què, qui, quin, on, com, quan, quant) i oracions interrogatives indirectes.</li>
<li>Pronoms adverbials i d’atribut i combinació de pronoms febles.</li>
<li>Connectors discursius: adverbis i preposicions.</li>
<li>Adverbis i locucions adverbials de manera, quantitat, possibilitat, afirmació i negació.</li>
</ul>
<strong>Lèxic (Eixos temàtics)</strong>
<ul>
<li>Derivats.</li>
<li>Locucions i frases fetes.</li>
<li>Distinció del significat dels mots medi/mitjà, anar/venir.</li>
<li>Tasques de la llar: ordre, neteja, estris, desperfectes, reparacions i eines.</li>
<li>Món laboral: oficis.</li>
<li>Vacances: viatges, anècdotes i incidents.</li>
<li>Salut i anatomia: parts del cos i malalties.</li>
</ul>
<strong>Habilitats de gestió, personals i socials</strong>
<ul>
<li>Interès i curiositat per la societat i la cultura catalana.</li>
<li>Curiositat per ampliar i aprofundir en el lèxic català corresponent al nivell d'aprenentatge.</li>
<li>Predisposició per assimilar i practicar les estructures gramaticals de la llengua catalana.</li>
<li>Participació activa en el procés d'adquisició dels elements gramaticals de l'idioma catalana.</li>
<li>Atenció en l'ortografia i la fonètica durant l'aprenentatge de la llengua catalana.</li>
<li>Interès per millorar la fonètica i l'ortografia en el procés d'aprenentatge.</li>
</ul>

<span style="color:#c1002b"><strong>Objectiu general</strong></span>
Comprendre textos orals i converses poc complexes de la vida professional o d'interès propi. Entendre textos escrits sobre temes d'interès general i específic. Expressar-se oralment sobre temes d'interès general i mantenir converses sobre qualsevol tema de la vida quotidiana. Escriure textos usuals de l'entorn quotidià.

<span style="color:#c1002b">Objectius específics</span>
<ul> 
<li>Participar en converses sobre la vida quotidiana, donar explicacions i expressar opinions.</li>
<li>Intercanviar informació sobre fets, llocs, esdeveniments i experiències.</li>
<li>Donar explicacions o excuses en cas d'infracció.</li>
<li>Expressar sentiments, estats d'ànim i desitjos.</li>
<li>Proposar, suggerir, donar consells i fer recomanacions.</li>
<li>Donar ordres, instruccions i fer prohibicions.</li>
<li>Descriure espais.</li>
<li>Sol·licitar serveis habituals en l'àmbit privat i públic.</li>
<li>Demanar informació per a viatges, fer reserves i sol·licitar assistència urgent.</li>
<li>Explicar avaries o anomalies per fer reclamacions o instàncies a l’Administració.</li>
<li>Escriure textos senzills, missatges breus, postals, felicitacions i correus electrònics en català bàsic.</li>
</ul>

<span style="color:#c1002b">Requisits dels alumnes</span>
<ul>
<li><strong>Estudis (Acreditacions/Titulacions)</strong>
  <ul>
    <li>Certificat d'un curs de nivell de llengua catalana immediatament inferior emès per l’òrgan competent de la Comunitat Autònoma, o equivalent.</li>
    <li>Prova de nivell de llengua catalana.</li>
  </ul>
</li>

<li><strong>Experiència professional</strong>
  <ul>
    <li>No es requereix experiència professional.</li>
  </ul>
</li>

<li><strong>Altres requisits</strong>
  <ul>
    <li>Persones que no parlen ni entenen el català i volen desenvolupar les habilitats orals per relacionar-se amb el seu entorn o per desenvolupar les seves tasques professionals.</li>
    <li>En modalitat de teleformació: tenir les destreses suficients per ser usuari de la plataforma virtual en la qual es recolza l’acció formativa.</li>
    <li>Nivell de coneixement de la llengua catalana: Català nivell bàsic A2 assolit o contrastable amb una prova específica de nivell.</li>
  </ul>
</li>
</ul>
El curs està dirigit a tots els alumnes interessats en el tema personal o professionalment.
<ul>
 	<li>Persones que cotitzen per Règim General o Autònom.</li>
 	<li>Persones en situació d'atur: Aquest col·lectiu té l'accés limitat a aquest Pla de Formació, per la qual cosa no tindran garantida la seva plaça fins que portin la documentació presencialment al Centre de Formació i es comprovi que no s'excedeix la limitació estipulada per al Reial decret 694/2017, de 3 de juliol, pel qual es desplega la Llei 30/2015, de 9 de setembre, per la qual es regula el sistema de formació professional per a l’ocupació en l’àmbit laboral.</li>
</ul>

<!-- This site is optimized with the Yoast SEO plugin v27.2 - https://yoast.com/product/yoast-seo-wordpress/ -->
<title>Català elemental 1 (B1.1) -</title>
<meta name="robots" content="noindex, follow, max-snippet:-1, max-image-preview:large, max-video-preview:-1" />
<meta property="og:locale" content="ca_ES" />
<meta property="og:type" content="article" />
<meta property="og:title" content="Català elemental 1 (B1.1) -" />
<meta property="og:url" content="https://foment.teamdesarrollo.com/ca/formacio/catala-elemental-1-b1-1/" />
<meta property="article:modified_time" content="2026-04-29T07:59:37+00:00" />
<meta name="twitter:card" content="summary_large_image" />
<script type="application/ld+json" class="yoast-schema-graph">{"@context":"https://schema.org","@graph":[{"@type":"WebPage","@id":"https://foment.teamdesarrollo.com/ca/formacio/catala-elemental-1-b1-1/","url":"https://foment.teamdesarrollo.com/ca/formacio/catala-elemental-1-b1-1/","name":"Català elemental 1 (B1.1) -","isPartOf":{"@id":"https://foment.teamdesarrollo.com/ca/#website"},"datePublished":"2026-04-29T07:54:16+00:00","dateModified":"2026-04-29T07:59:37+00:00","breadcrumb":{"@id":"https://foment.teamdesarrollo.com/ca/formacio/catala-elemental-1-b1-1/#breadcrumb"},"inLanguage":"ca","potentialAction":[{"@type":"ReadAction","target":["https://foment.teamdesarrollo.com/ca/formacio/catala-elemental-1-b1-1/"]}]},{"@type":"BreadcrumbList","@id":"https://foment.teamdesarrollo.com/ca/formacio/catala-elemental-1-b1-1/#breadcrumb","itemListElement":[{"@type":"ListItem","position":1,"name":"Portada","item":"https://foment.teamdesarrollo.com/ca/"},{"@type":"ListItem","position":2,"name":"Cursos","item":"https://foment.teamdesarrollo.com/ca/formacio/"},{"@type":"ListItem","position":3,"name":"Català elemental 1 (B1.1)"}]},{"@type":"WebSite","@id":"https://foment.teamdesarrollo.com/ca/#website","url":"https://foment.teamdesarrollo.com/ca/","name":"","description":"","potentialAction":[{"@type":"SearchAction","target":{"@type":"EntryPoint","urlTemplate":"https://foment.teamdesarrollo.com/ca/?s={search_term_string}"},"query-input":{"@type":"PropertyValueSpecification","valueRequired":true,"valueName":"search_term_string"}}],"inLanguage":"ca"}]}</script>
<!-- / Yoast SEO plugin. -->

Català elemental 1 (B1.1) -
