{"id":1417,"date":"2026-04-29T07:54:10","date_gmt":"2026-04-29T07:54:10","guid":{"rendered":"https:\/\/reverent-almeida.91-213-46-106.plesk.page\/formacion\/cuina-japonesa-avancada\/"},"modified":"2026-04-29T07:59:34","modified_gmt":"2026-04-29T07:59:34","slug":"cuina-japonesa-avancada","status":"publish","type":"curso_foment","link":"https:\/\/foment.teamdesarrollo.com\/ca\/formacio\/cuina-japonesa-avancada\/","title":{"rendered":"Cuina japonesa avan\u00e7ada"},"featured_media":0,"template":"","meta":{"_doceos_id":"17263","_start_date":"2026-07-13T22:00:00.000000Z","_end_date":"2026-07-28T22:00:00.000000Z","_available_seats":"10","_seats":"20","_lang_code":"ca","_tt_days_mask":"0101000","_tt_pm_start":"18:00:00","_tt_pm_end":"22:00:00","_timetable_desc":"Tuesday and Thursday from 18:00 to 22:00","_horario_tipo":"Tarde","_presence_hours":"20","_teletraining_hours":"0","_distance_hours":"0","_syllabus":"M\u00f2dul 1 \u00b7 Cuina japonesa avan\u00e7ada\n\n- Cultura i gastronomia japonesa\n- Elaboraci\u00f3 i degustaci\u00f3 de plats tradicionals\n- Utillatge i mat\u00e8ries primeres\n- Habilitats de gesti\u00f3, personals i socials","_contingut":"<span style=\"color:#c1002b\">Contingut del curs<\/span>\n\n<span style=\"color:#c1002b\">M\u00f2dul 1 \u00b7 Cuina japonesa avan\u00e7ada<\/span>\n<strong>Cultura i gastronomia japonesa<\/strong>\n<ul>\n<li>Explicaci\u00f3 de la cultura gastron\u00f2mica japonesa<\/li>\n<li>Relaci\u00f3 entre cultura i gastronomia<\/li>\n<\/ul>\n\n<strong>Elaboraci\u00f3 i degustaci\u00f3 de plats tradicionals<\/strong>\n<ul>\n<li>Sunomons<\/li>\n<li>Amanides japoneses<\/li>\n<li>Plats de fideus (saltejats i amb ramen)<\/li>\n<li>Plats de street food japonesa: okonomiyakis, gyozas, teriyakis i yakitoris<\/li>\n<\/ul>\n\n<strong>Utillatge i mat\u00e8ries primeres<\/strong>\n<ul>\n<li>Selecci\u00f3 de mat\u00e8ries primeres segons caracter\u00edstiques i receptes<\/li>\n<li>Manipulaci\u00f3 i \u00fas d\u2019utensilis i utillatge espec\u00edfics<\/li>\n<li>Definici\u00f3 de processos per a l\u2019elaboraci\u00f3 de les receptes<\/li>\n<li>Reconeixement de sabors originals mitjan\u00e7ant el tast<\/li>\n<\/ul>\n\n<strong>Habilitats de gesti\u00f3, personals i socials<\/strong>\n<ul>\n<li>Sensibilitzaci\u00f3 per la cultura japonesa i els seus or\u00edgens<\/li>\n<li>Consci\u00e8ncia de la import\u00e0ncia dels productes propis de la cultura gastron\u00f2mica japonesa<\/li>\n<li>Responsabilitat i autonomia en la interpretaci\u00f3 de les receptes<\/li>\n<li>Efectivitat en la neteja dels estris i equips utilitzats<\/li>\n<li>Actitud responsable en compliment de la normativa higi\u00e8nic-sanit\u00e0ria i prevenci\u00f3 de riscos laborals<\/li>\n<\/ul>","_objectius":"<span style=\"color:#c1002b\"><strong>Objectiu general<\/strong><\/span>\nRealitzar receptes elaborades de la cuina japonesa m\u00e9s representatives, mitjan\u00e7ant el seu utillatge espec\u00edfic.\n\n<span style=\"color:#c1002b\">Objectius espec\u00edfics<\/span>\n<ul>\n<li>Comprendre la relaci\u00f3 entre la cultura japonesa i la seva gastronomia.<\/li>\n\n<li>Elaborar i degustar plats tradicionals japonesos com sunomons, amanides japoneses, plats de fideus (saltejats i amb ramen) i plats de street food japonesa, com okonomiyakis, gyozas, teriyakis i yakitoris.<\/li>\n\n<li>Recon\u00e8ixer i utilitzar l\u2019utillatge i les mat\u00e8ries primeres espec\u00edfiques de la cuina japonesa.<\/li>\n\n<li>Aplicar processos adequats per a l\u2019elaboraci\u00f3 de receptes representatives de la cuina japonesa.<\/li>\n\n<li>Mostrar responsabilitat i autonomia en la interpretaci\u00f3 de receptes i la gesti\u00f3 dels estris i equips utilitzats.<\/li>\n\n<li>Adoptar una actitud responsable envers la normativa higi\u00e8nico-sanit\u00e0ria i la prevenci\u00f3 de riscos laborals.<\/li>\n<\/ul>","_requisits":"<span style=\"color:#c1002b\">Requisits dels alumnes<\/span>\n<ul>\n<li><strong>Estudis (Acreditacions\/Titulacions)<\/strong>\n  <ul>\n    <li>Certificat de professionalitat nivell 1.<\/li>\n    <li>T\u00edtol Professional B\u00e0sic (FP B\u00e0sica).<\/li>\n    <li>T\u00edtol de Graduat en Educaci\u00f3 Secund\u00e0ria Obligat\u00f2ria (ESO) o equivalent.<\/li>\n    <li>T\u00edtol de T\u00e8cnic (FP Grau Mitj\u00e0) o equivalent.<\/li>\n    <li>Certificat de professionalitat de nivell 2.<\/li>\n    <li>Haver superat la prova d\u2019acc\u00e9s a Cicles Formatius de Grau Mitj\u00e0.<\/li>\n    <li>Haver superat qualsevol prova oficial d\u2019acc\u00e9s a la Universitat.<\/li>\n  <\/ul>\n<\/li>\n\n<li><strong>Experi\u00e8ncia professional<\/strong>\n  <ul>\n    <li>Es valorar\u00e0 experi\u00e8ncia professional en el sector objecte d'aquest programa.<\/li>\n  <\/ul>\n<\/li>\n\n<li><strong>Altres requisits<\/strong>\n  <ul>\n    <li>Si no es disposa del nivell acad\u00e8mic m\u00ednim o de l\u2019experi\u00e8ncia professional, demostrar coneixements i compet\u00e8ncies suficients mitjan\u00e7ant una <a href=\"https:\/\/forms.gle\/FUw9kDuEJ9AbS3nY9\">prova d\u2019acc\u00e9s.<\/a><\/li>\n    <li>En modalitat mixta, tenir destreses suficients per ser usuari\/a de la plataforma virtual.<\/li>\n  <\/ul>\n<\/li>\n<\/ul>\n\nEl curs est\u00e0 dirigit a tots els alumnes interessats en el tema personal o professionalment.\n\n<ul>\n<li>Persones que cotitzen per R\u00e8gim General o Aut\u00f2nom.<\/li>\n<li>Persones en situaci\u00f3 d'atur: Aquest col\u00b7lectiu t\u00e9 l'acc\u00e9s limitat a aquest Pla de Formaci\u00f3, per la qual cosa no tindran garantida la seva pla\u00e7a fins que portin la documentaci\u00f3 presencialment al Centre de Formaci\u00f3 i es comprovi que no s'excedeix la limitaci\u00f3 estipulada pel Reial decret 694\/2017.<\/li>\n<li>Els treballadors de l'Administraci\u00f3 P\u00fablica no poden accedir a aquest Pla de Formaci\u00f3 Sectorial.<\/li>\n<\/ul>","_materials":null,"_resp_name":"Lidia Casas Casta\u00f1o","_resp_email":null,"_certificado":"0","_adaptado":"0","_modality_id":"1","_training_area_id":"9","_custom_code":null,"_group":"1","_closed":"0","_full":"0","_num_sessions":null,"_visible_on_web":"1","_wpml_trid":"1202","_wpml_lang":"ca"},"class_list":["post-1417","curso_foment","type-curso_foment","status-publish","hentry"],"yoast_head":"<!-- This site is optimized with the Yoast SEO plugin v27.2 - https:\/\/yoast.com\/product\/yoast-seo-wordpress\/ -->\n<title>Cuina japonesa avan\u00e7ada -<\/title>\n<meta name=\"robots\" content=\"noindex, follow, max-snippet:-1, max-image-preview:large, max-video-preview:-1\" \/>\n<meta property=\"og:locale\" content=\"ca_ES\" \/>\n<meta property=\"og:type\" content=\"article\" \/>\n<meta property=\"og:title\" content=\"Cuina japonesa avan\u00e7ada -\" \/>\n<meta property=\"og:url\" content=\"https:\/\/foment.teamdesarrollo.com\/ca\/formacio\/cuina-japonesa-avancada\/\" \/>\n<meta property=\"article:modified_time\" content=\"2026-04-29T07:59:34+00:00\" \/>\n<meta name=\"twitter:card\" content=\"summary_large_image\" \/>\n<script type=\"application\/ld+json\" class=\"yoast-schema-graph\">{\"@context\":\"https:\/\/schema.org\",\"@graph\":[{\"@type\":\"WebPage\",\"@id\":\"https:\/\/foment.teamdesarrollo.com\/ca\/formacio\/cuina-japonesa-avancada\/\",\"url\":\"https:\/\/foment.teamdesarrollo.com\/ca\/formacio\/cuina-japonesa-avancada\/\",\"name\":\"Cuina japonesa avan\u00e7ada -\",\"isPartOf\":{\"@id\":\"https:\/\/foment.teamdesarrollo.com\/ca\/#website\"},\"datePublished\":\"2026-04-29T07:54:10+00:00\",\"dateModified\":\"2026-04-29T07:59:34+00:00\",\"breadcrumb\":{\"@id\":\"https:\/\/foment.teamdesarrollo.com\/ca\/formacio\/cuina-japonesa-avancada\/#breadcrumb\"},\"inLanguage\":\"ca\",\"potentialAction\":[{\"@type\":\"ReadAction\",\"target\":[\"https:\/\/foment.teamdesarrollo.com\/ca\/formacio\/cuina-japonesa-avancada\/\"]}]},{\"@type\":\"BreadcrumbList\",\"@id\":\"https:\/\/foment.teamdesarrollo.com\/ca\/formacio\/cuina-japonesa-avancada\/#breadcrumb\",\"itemListElement\":[{\"@type\":\"ListItem\",\"position\":1,\"name\":\"Portada\",\"item\":\"https:\/\/foment.teamdesarrollo.com\/ca\/\"},{\"@type\":\"ListItem\",\"position\":2,\"name\":\"Cursos\",\"item\":\"https:\/\/foment.teamdesarrollo.com\/ca\/formacio\/\"},{\"@type\":\"ListItem\",\"position\":3,\"name\":\"Cuina japonesa avan\u00e7ada\"}]},{\"@type\":\"WebSite\",\"@id\":\"https:\/\/foment.teamdesarrollo.com\/ca\/#website\",\"url\":\"https:\/\/foment.teamdesarrollo.com\/ca\/\",\"name\":\"\",\"description\":\"\",\"potentialAction\":[{\"@type\":\"SearchAction\",\"target\":{\"@type\":\"EntryPoint\",\"urlTemplate\":\"https:\/\/foment.teamdesarrollo.com\/ca\/?s={search_term_string}\"},\"query-input\":{\"@type\":\"PropertyValueSpecification\",\"valueRequired\":true,\"valueName\":\"search_term_string\"}}],\"inLanguage\":\"ca\"}]}<\/script>\n<!-- \/ Yoast SEO plugin. -->","yoast_head_json":{"title":"Cuina japonesa avan\u00e7ada -","robots":{"index":"noindex","follow":"follow","max-snippet":"max-snippet:-1","max-image-preview":"max-image-preview:large","max-video-preview":"max-video-preview:-1"},"og_locale":"ca_ES","og_type":"article","og_title":"Cuina japonesa avan\u00e7ada -","og_url":"https:\/\/foment.teamdesarrollo.com\/ca\/formacio\/cuina-japonesa-avancada\/","article_modified_time":"2026-04-29T07:59:34+00:00","twitter_card":"summary_large_image","schema":{"@context":"https:\/\/schema.org","@graph":[{"@type":"WebPage","@id":"https:\/\/foment.teamdesarrollo.com\/ca\/formacio\/cuina-japonesa-avancada\/","url":"https:\/\/foment.teamdesarrollo.com\/ca\/formacio\/cuina-japonesa-avancada\/","name":"Cuina japonesa avan\u00e7ada -","isPartOf":{"@id":"https:\/\/foment.teamdesarrollo.com\/ca\/#website"},"datePublished":"2026-04-29T07:54:10+00:00","dateModified":"2026-04-29T07:59:34+00:00","breadcrumb":{"@id":"https:\/\/foment.teamdesarrollo.com\/ca\/formacio\/cuina-japonesa-avancada\/#breadcrumb"},"inLanguage":"ca","potentialAction":[{"@type":"ReadAction","target":["https:\/\/foment.teamdesarrollo.com\/ca\/formacio\/cuina-japonesa-avancada\/"]}]},{"@type":"BreadcrumbList","@id":"https:\/\/foment.teamdesarrollo.com\/ca\/formacio\/cuina-japonesa-avancada\/#breadcrumb","itemListElement":[{"@type":"ListItem","position":1,"name":"Portada","item":"https:\/\/foment.teamdesarrollo.com\/ca\/"},{"@type":"ListItem","position":2,"name":"Cursos","item":"https:\/\/foment.teamdesarrollo.com\/ca\/formacio\/"},{"@type":"ListItem","position":3,"name":"Cuina japonesa avan\u00e7ada"}]},{"@type":"WebSite","@id":"https:\/\/foment.teamdesarrollo.com\/ca\/#website","url":"https:\/\/foment.teamdesarrollo.com\/ca\/","name":"","description":"","potentialAction":[{"@type":"SearchAction","target":{"@type":"EntryPoint","urlTemplate":"https:\/\/foment.teamdesarrollo.com\/ca\/?s={search_term_string}"},"query-input":{"@type":"PropertyValueSpecification","valueRequired":true,"valueName":"search_term_string"}}],"inLanguage":"ca"}]}},"_links":{"self":[{"href":"https:\/\/foment.teamdesarrollo.com\/ca\/wp-json\/wp\/v2\/curso_foment\/1417","targetHints":{"allow":["GET"]}}],"collection":[{"href":"https:\/\/foment.teamdesarrollo.com\/ca\/wp-json\/wp\/v2\/curso_foment"}],"about":[{"href":"https:\/\/foment.teamdesarrollo.com\/ca\/wp-json\/wp\/v2\/types\/curso_foment"}],"wp:attachment":[{"href":"https:\/\/foment.teamdesarrollo.com\/ca\/wp-json\/wp\/v2\/media?parent=1417"}],"curies":[{"name":"wp","href":"https:\/\/api.w.org\/{rel}","templated":true}]}}

Cuina japonesa avançada

Mòdul 1 · Cuina japonesa avançada

- Cultura i gastronomia japonesa
- Elaboració i degustació de plats tradicionals
- Utillatge i matèries primeres
- Habilitats de gestió, personals i socials

<span style="color:#c1002b">Contingut del curs</span>

<span style="color:#c1002b">Mòdul 1 · Cuina japonesa avançada</span>
<strong>Cultura i gastronomia japonesa</strong>
<ul>
<li>Explicació de la cultura gastronòmica japonesa</li>
<li>Relació entre cultura i gastronomia</li>
</ul>

<strong>Elaboració i degustació de plats tradicionals</strong>
<ul>
<li>Sunomons</li>
<li>Amanides japoneses</li>
<li>Plats de fideus (saltejats i amb ramen)</li>
<li>Plats de street food japonesa: okonomiyakis, gyozas, teriyakis i yakitoris</li>
</ul>

<strong>Utillatge i matèries primeres</strong>
<ul>
<li>Selecció de matèries primeres segons característiques i receptes</li>
<li>Manipulació i ús d’utensilis i utillatge específics</li>
<li>Definició de processos per a l’elaboració de les receptes</li>
<li>Reconeixement de sabors originals mitjançant el tast</li>
</ul>

<strong>Habilitats de gestió, personals i socials</strong>
<ul>
<li>Sensibilització per la cultura japonesa i els seus orígens</li>
<li>Consciència de la importància dels productes propis de la cultura gastronòmica japonesa</li>
<li>Responsabilitat i autonomia en la interpretació de les receptes</li>
<li>Efectivitat en la neteja dels estris i equips utilitzats</li>
<li>Actitud responsable en compliment de la normativa higiènic-sanitària i prevenció de riscos laborals</li>
</ul>

<span style="color:#c1002b"><strong>Objectiu general</strong></span>
Realitzar receptes elaborades de la cuina japonesa més representatives, mitjançant el seu utillatge específic.

<span style="color:#c1002b">Objectius específics</span>
<ul>
<li>Comprendre la relació entre la cultura japonesa i la seva gastronomia.</li>

<li>Elaborar i degustar plats tradicionals japonesos com sunomons, amanides japoneses, plats de fideus (saltejats i amb ramen) i plats de street food japonesa, com okonomiyakis, gyozas, teriyakis i yakitoris.</li>

<li>Reconèixer i utilitzar l’utillatge i les matèries primeres específiques de la cuina japonesa.</li>

<li>Aplicar processos adequats per a l’elaboració de receptes representatives de la cuina japonesa.</li>

<li>Mostrar responsabilitat i autonomia en la interpretació de receptes i la gestió dels estris i equips utilitzats.</li>

<li>Adoptar una actitud responsable envers la normativa higiènico-sanitària i la prevenció de riscos laborals.</li>
</ul>

<span style="color:#c1002b">Requisits dels alumnes</span>
<ul>
<li><strong>Estudis (Acreditacions/Titulacions)</strong>
  <ul>
    <li>Certificat de professionalitat nivell 1.</li>
    <li>Títol Professional Bàsic (FP Bàsica).</li>
    <li>Títol de Graduat en Educació Secundària Obligatòria (ESO) o equivalent.</li>
    <li>Títol de Tècnic (FP Grau Mitjà) o equivalent.</li>
    <li>Certificat de professionalitat de nivell 2.</li>
    <li>Haver superat la prova d’accés a Cicles Formatius de Grau Mitjà.</li>
    <li>Haver superat qualsevol prova oficial d’accés a la Universitat.</li>
  </ul>
</li>

<li><strong>Experiència professional</strong>
  <ul>
    <li>Es valorarà experiència professional en el sector objecte d'aquest programa.</li>
  </ul>
</li>

<li><strong>Altres requisits</strong>
  <ul>
    <li>Si no es disposa del nivell acadèmic mínim o de l’experiència professional, demostrar coneixements i competències suficients mitjançant una <a href="https://forms.gle/FUw9kDuEJ9AbS3nY9">prova d’accés.</a></li>
    <li>En modalitat mixta, tenir destreses suficients per ser usuari/a de la plataforma virtual.</li>
  </ul>
</li>
</ul>

El curs està dirigit a tots els alumnes interessats en el tema personal o professionalment.

<ul>
<li>Persones que cotitzen per Règim General o Autònom.</li>
<li>Persones en situació d'atur: Aquest col·lectiu té l'accés limitat a aquest Pla de Formació, per la qual cosa no tindran garantida la seva plaça fins que portin la documentació presencialment al Centre de Formació i es comprovi que no s'excedeix la limitació estipulada pel Reial decret 694/2017.</li>
<li>Els treballadors de l'Administració Pública no poden accedir a aquest Pla de Formació Sectorial.</li>
</ul>

Lidia Casas Castaño

<!-- This site is optimized with the Yoast SEO plugin v27.2 - https://yoast.com/product/yoast-seo-wordpress/ -->
<title>Cuina japonesa avançada -</title>
<meta name="robots" content="noindex, follow, max-snippet:-1, max-image-preview:large, max-video-preview:-1" />
<meta property="og:locale" content="ca_ES" />
<meta property="og:type" content="article" />
<meta property="og:title" content="Cuina japonesa avançada -" />
<meta property="og:url" content="https://foment.teamdesarrollo.com/ca/formacio/cuina-japonesa-avancada/" />
<meta property="article:modified_time" content="2026-04-29T07:59:34+00:00" />
<meta name="twitter:card" content="summary_large_image" />
<script type="application/ld+json" class="yoast-schema-graph">{"@context":"https://schema.org","@graph":[{"@type":"WebPage","@id":"https://foment.teamdesarrollo.com/ca/formacio/cuina-japonesa-avancada/","url":"https://foment.teamdesarrollo.com/ca/formacio/cuina-japonesa-avancada/","name":"Cuina japonesa avançada -","isPartOf":{"@id":"https://foment.teamdesarrollo.com/ca/#website"},"datePublished":"2026-04-29T07:54:10+00:00","dateModified":"2026-04-29T07:59:34+00:00","breadcrumb":{"@id":"https://foment.teamdesarrollo.com/ca/formacio/cuina-japonesa-avancada/#breadcrumb"},"inLanguage":"ca","potentialAction":[{"@type":"ReadAction","target":["https://foment.teamdesarrollo.com/ca/formacio/cuina-japonesa-avancada/"]}]},{"@type":"BreadcrumbList","@id":"https://foment.teamdesarrollo.com/ca/formacio/cuina-japonesa-avancada/#breadcrumb","itemListElement":[{"@type":"ListItem","position":1,"name":"Portada","item":"https://foment.teamdesarrollo.com/ca/"},{"@type":"ListItem","position":2,"name":"Cursos","item":"https://foment.teamdesarrollo.com/ca/formacio/"},{"@type":"ListItem","position":3,"name":"Cuina japonesa avançada"}]},{"@type":"WebSite","@id":"https://foment.teamdesarrollo.com/ca/#website","url":"https://foment.teamdesarrollo.com/ca/","name":"","description":"","potentialAction":[{"@type":"SearchAction","target":{"@type":"EntryPoint","urlTemplate":"https://foment.teamdesarrollo.com/ca/?s={search_term_string}"},"query-input":{"@type":"PropertyValueSpecification","valueRequired":true,"valueName":"search_term_string"}}],"inLanguage":"ca"}]}</script>
<!-- / Yoast SEO plugin. -->

Cuina japonesa avançada -
