{"id":1265,"date":"2026-04-17T07:55:23","date_gmt":"2026-04-17T07:55:23","guid":{"rendered":"https:\/\/reverent-almeida.91-213-46-106.plesk.page\/curso\/visualitzacio-de-dades-amb-power-bi\/"},"modified":"2026-04-29T07:59:13","modified_gmt":"2026-04-29T07:59:13","slug":"visualitzacio-de-dades-amb-power-bi","status":"publish","type":"curso_foment","link":"https:\/\/foment.teamdesarrollo.com\/ca\/formacio\/visualitzacio-de-dades-amb-power-bi\/","title":{"rendered":"Visualitzaci\u00f3 de dades amb Power BI"},"featured_media":0,"template":"","meta":{"_doceos_id":"17186","_start_date":"2026-04-20T22:00:00.000000Z","_end_date":"2026-05-20T22:00:00.000000Z","_available_seats":"0","_seats":"22","_lang_code":"ca","_tt_days_mask":"0101000","_tt_pm_start":"18:00:00","_tt_pm_end":"21:00:00","_timetable_desc":"Tuesday and Thursday from 18:00 to 21:00","_horario_tipo":"Tarde","_presence_hours":"30","_teletraining_hours":"0","_distance_hours":"0","_syllabus":"M\u00f2dul 1 \u00b7 Visualitzaci\u00f3 de dades amb Power BI\n  - Introducci\u00f3 a Power BI\n  - Obtenci\u00f3 i gesti\u00f3 de dades amb Power BI\n  - Visualitzaci\u00f3 i presentaci\u00f3 de dades","_contingut":"<span style=\"color:#c1002b\">M\u00f2dul 1 \u00b7 Visualitzaci\u00f3 de dades amb Power BI<\/span>\n<strong>Introducci\u00f3 a Power BI<\/strong>\n<ul>\n<li>Descripci\u00f3 i caracter\u00edstiques de l\u2019eina. Usos principals.<\/li>\n<\/ul>\n\n<strong>Obtenci\u00f3 i gesti\u00f3 de dades amb Power BI<\/strong>\n<ul>\n<li>Obtenci\u00f3 de dades amb Power BI.<\/li>\n<li>Power Query.<\/li>\n<li>Gesti\u00f3 de dades amb Power BI.<\/li>\n<li>M\u00e8tode per realitzar consultes.<\/li>\n<li>Relacions entre dades.<\/li>\n<li>Modelatge de dades.<\/li>\n<\/ul>\n\n<strong>Visualitzaci\u00f3 i presentaci\u00f3 de dades<\/strong>\n<ul>\n<li>Visualitzaci\u00f3 de dades amb Power BI.<\/li>\n<li>Creaci\u00f3 de visualitzacions simples de dades.<\/li>\n<li>Visualitzaci\u00f3 de mapes amb dades.<\/li>\n<li>Creaci\u00f3 de quadres de comandament amb Power BI.<\/li>\n<li>Publicaci\u00f3 i comunicaci\u00f3 de quadres de comandament.<\/li>\n<li>Power BI i Excel.<\/li>\n<\/ul>","_objectius":"<span style=\"color:#c1002b\"><strong>Objectiu general<\/strong><\/span>\nUsar Power BI com a eina per gestionar projectes de Business Intelligence, interpretar les dades generades i crear quadres de comandament per comunicar els resultats a les persones involucrades en cada projecte\n\n<span style=\"color:#c1002b\">Objectius espec\u00edfics<\/span>\n<ul>\n<li>Fomentar l\u2019\u00fas d\u2019eines digitals per optimitzar l\u2019an\u00e0lisi de dades.<\/li>\n\n<li>Valorar la import\u00e0ncia de l\u2019adquisici\u00f3 d\u2019habilitats digitals aplicades al negoci de Business Intelligence.<\/li>\n\n<li>Fomentar l\u2019\u00fas d\u2019eines digitals, especialment Power BI, per millorar l\u2019estrat\u00e8gia empresarial a trav\u00e9s de l\u2019an\u00e0lisi de dades.<\/li>\n<\/ul>","_requisits":"<span style=\"color:#c1002b\">Requisits dels alumnes<\/span>\n<ul>\n<li><strong>Estudis (Acreditacions\/Titulacions)<\/strong>\n  <ul>\n    <li>Certificat de professionalitat de nivell 1<\/li>\n    <li>T\u00edtol Professional B\u00e0sic (FP B\u00e0sica)<\/li>\n    <li>T\u00edtol de Graduat en Educaci\u00f3 Secund\u00e0ria Obligat\u00f2ria (ESO) o equivalent<\/li>\n    <li>T\u00edtol de T\u00e8cnic (FP Grau mitj\u00e0) o equivalent<\/li>\n    <li>Certificat de professionalitat de nivell 2<\/li>\n    <li>Haver superat la prova d\u2019acc\u00e9s a Cicles Formatius de Grau Mitj\u00e0<\/li>\n    <li>Haver superat qualsevol prova oficial d\u2019acc\u00e9s a la universitat<\/li>\n  <\/ul>\n<\/li>\n\n<li><strong>Experi\u00e8ncia professional<\/strong>\n  <ul>\n    <li>No es requereix<\/li>\n  <\/ul>\n<\/li>\n\n<li><strong>Altres requisits<\/strong>\n  <ul>\n    <li>Quan l\u2019aspirant no disposi del nivell acad\u00e8mic, haur\u00e0 de demostrar coneixements i compet\u00e8ncies suficients per participar en el curs amb aprofitament mitjan\u00e7ant una <a href=\"https:\/\/forms.gle\/8upn7hAJQ2UCUqxU9\">prova d\u2019acc\u00e9s.<\/a><\/li>\n    <li>A m\u00e9s, es requereixen destreses suficients per ser usuari de la plataforma virtual utilitzada a l\u2019acci\u00f3 formativa.<\/li>\n  <\/ul>\n<\/li>\n<\/ul>\nEl curs est\u00e0 dirigit a tots els alumnes interessats en el tema personal o professionalment.\n<ul>\n \t<li>Persones que cotitzen per R\u00e8gim General o Aut\u00f2nom.<\/li>\n \t<li>Persones en situaci\u00f3 d'atur: Aquest col\u00b7lectiu t\u00e9 l'acc\u00e9s limitat a aquest Pla de Formaci\u00f3, per la qual cosa no tindran garantida la seva pla\u00e7a fins que portin la documentaci\u00f3 presencialment al Centre de Formaci\u00f3 i es comprovi que no s'excedeix la limitaci\u00f3 estipulada per al Reial decret 694\/2017, de 3 de juliol, pel qual es desplega la Llei 30\/2015, de 9 de setembre, per la qual es regula el sistema de formaci\u00f3 professional per a l\u2019ocupaci\u00f3 en l\u2019\u00e0mbit laboral.<\/li>\n<\/ul>","_materials":null,"_resp_name":"Silvia Sanchez Soler","_resp_email":null,"_certificado":"0","_adaptado":"1","_modality_id":"1","_training_area_id":"1","_custom_code":null,"_group":"1","_closed":"0","_full":"1","_num_sessions":null,"_visible_on_web":"1","_wpml_trid":"1128","_wpml_lang":"ca"},"class_list":["post-1265","curso_foment","type-curso_foment","status-publish","hentry"],"yoast_head":"<!-- This site is optimized with the Yoast SEO plugin v27.2 - https:\/\/yoast.com\/product\/yoast-seo-wordpress\/ -->\n<title>Visualitzaci\u00f3 de dades amb Power BI -<\/title>\n<meta name=\"robots\" content=\"noindex, follow, max-snippet:-1, max-image-preview:large, max-video-preview:-1\" \/>\n<meta property=\"og:locale\" content=\"ca_ES\" \/>\n<meta property=\"og:type\" content=\"article\" \/>\n<meta property=\"og:title\" content=\"Visualitzaci\u00f3 de dades amb Power BI -\" \/>\n<meta property=\"og:url\" content=\"https:\/\/foment.teamdesarrollo.com\/ca\/formacio\/visualitzacio-de-dades-amb-power-bi\/\" \/>\n<meta property=\"article:modified_time\" content=\"2026-04-29T07:59:13+00:00\" \/>\n<meta name=\"twitter:card\" content=\"summary_large_image\" \/>\n<script type=\"application\/ld+json\" class=\"yoast-schema-graph\">{\"@context\":\"https:\/\/schema.org\",\"@graph\":[{\"@type\":\"WebPage\",\"@id\":\"https:\/\/foment.teamdesarrollo.com\/ca\/formacio\/visualitzacio-de-dades-amb-power-bi\/\",\"url\":\"https:\/\/foment.teamdesarrollo.com\/ca\/formacio\/visualitzacio-de-dades-amb-power-bi\/\",\"name\":\"Visualitzaci\u00f3 de dades amb Power BI -\",\"isPartOf\":{\"@id\":\"https:\/\/foment.teamdesarrollo.com\/ca\/#website\"},\"datePublished\":\"2026-04-17T07:55:23+00:00\",\"dateModified\":\"2026-04-29T07:59:13+00:00\",\"breadcrumb\":{\"@id\":\"https:\/\/foment.teamdesarrollo.com\/ca\/formacio\/visualitzacio-de-dades-amb-power-bi\/#breadcrumb\"},\"inLanguage\":\"ca\",\"potentialAction\":[{\"@type\":\"ReadAction\",\"target\":[\"https:\/\/foment.teamdesarrollo.com\/ca\/formacio\/visualitzacio-de-dades-amb-power-bi\/\"]}]},{\"@type\":\"BreadcrumbList\",\"@id\":\"https:\/\/foment.teamdesarrollo.com\/ca\/formacio\/visualitzacio-de-dades-amb-power-bi\/#breadcrumb\",\"itemListElement\":[{\"@type\":\"ListItem\",\"position\":1,\"name\":\"Portada\",\"item\":\"https:\/\/foment.teamdesarrollo.com\/ca\/\"},{\"@type\":\"ListItem\",\"position\":2,\"name\":\"Cursos\",\"item\":\"https:\/\/foment.teamdesarrollo.com\/ca\/formacio\/\"},{\"@type\":\"ListItem\",\"position\":3,\"name\":\"Visualitzaci\u00f3 de dades amb Power BI\"}]},{\"@type\":\"WebSite\",\"@id\":\"https:\/\/foment.teamdesarrollo.com\/ca\/#website\",\"url\":\"https:\/\/foment.teamdesarrollo.com\/ca\/\",\"name\":\"\",\"description\":\"\",\"potentialAction\":[{\"@type\":\"SearchAction\",\"target\":{\"@type\":\"EntryPoint\",\"urlTemplate\":\"https:\/\/foment.teamdesarrollo.com\/ca\/?s={search_term_string}\"},\"query-input\":{\"@type\":\"PropertyValueSpecification\",\"valueRequired\":true,\"valueName\":\"search_term_string\"}}],\"inLanguage\":\"ca\"}]}<\/script>\n<!-- \/ Yoast SEO plugin. -->","yoast_head_json":{"title":"Visualitzaci\u00f3 de dades amb Power BI -","robots":{"index":"noindex","follow":"follow","max-snippet":"max-snippet:-1","max-image-preview":"max-image-preview:large","max-video-preview":"max-video-preview:-1"},"og_locale":"ca_ES","og_type":"article","og_title":"Visualitzaci\u00f3 de dades amb Power BI -","og_url":"https:\/\/foment.teamdesarrollo.com\/ca\/formacio\/visualitzacio-de-dades-amb-power-bi\/","article_modified_time":"2026-04-29T07:59:13+00:00","twitter_card":"summary_large_image","schema":{"@context":"https:\/\/schema.org","@graph":[{"@type":"WebPage","@id":"https:\/\/foment.teamdesarrollo.com\/ca\/formacio\/visualitzacio-de-dades-amb-power-bi\/","url":"https:\/\/foment.teamdesarrollo.com\/ca\/formacio\/visualitzacio-de-dades-amb-power-bi\/","name":"Visualitzaci\u00f3 de dades amb Power BI -","isPartOf":{"@id":"https:\/\/foment.teamdesarrollo.com\/ca\/#website"},"datePublished":"2026-04-17T07:55:23+00:00","dateModified":"2026-04-29T07:59:13+00:00","breadcrumb":{"@id":"https:\/\/foment.teamdesarrollo.com\/ca\/formacio\/visualitzacio-de-dades-amb-power-bi\/#breadcrumb"},"inLanguage":"ca","potentialAction":[{"@type":"ReadAction","target":["https:\/\/foment.teamdesarrollo.com\/ca\/formacio\/visualitzacio-de-dades-amb-power-bi\/"]}]},{"@type":"BreadcrumbList","@id":"https:\/\/foment.teamdesarrollo.com\/ca\/formacio\/visualitzacio-de-dades-amb-power-bi\/#breadcrumb","itemListElement":[{"@type":"ListItem","position":1,"name":"Portada","item":"https:\/\/foment.teamdesarrollo.com\/ca\/"},{"@type":"ListItem","position":2,"name":"Cursos","item":"https:\/\/foment.teamdesarrollo.com\/ca\/formacio\/"},{"@type":"ListItem","position":3,"name":"Visualitzaci\u00f3 de dades amb Power BI"}]},{"@type":"WebSite","@id":"https:\/\/foment.teamdesarrollo.com\/ca\/#website","url":"https:\/\/foment.teamdesarrollo.com\/ca\/","name":"","description":"","potentialAction":[{"@type":"SearchAction","target":{"@type":"EntryPoint","urlTemplate":"https:\/\/foment.teamdesarrollo.com\/ca\/?s={search_term_string}"},"query-input":{"@type":"PropertyValueSpecification","valueRequired":true,"valueName":"search_term_string"}}],"inLanguage":"ca"}]}},"_links":{"self":[{"href":"https:\/\/foment.teamdesarrollo.com\/ca\/wp-json\/wp\/v2\/curso_foment\/1265","targetHints":{"allow":["GET"]}}],"collection":[{"href":"https:\/\/foment.teamdesarrollo.com\/ca\/wp-json\/wp\/v2\/curso_foment"}],"about":[{"href":"https:\/\/foment.teamdesarrollo.com\/ca\/wp-json\/wp\/v2\/types\/curso_foment"}],"wp:attachment":[{"href":"https:\/\/foment.teamdesarrollo.com\/ca\/wp-json\/wp\/v2\/media?parent=1265"}],"curies":[{"name":"wp","href":"https:\/\/api.w.org\/{rel}","templated":true}]}}

Visualització de dades amb Power BI

Mòdul 1 · Visualització de dades amb Power BI
  - Introducció a Power BI
  - Obtenció i gestió de dades amb Power BI
  - Visualització i presentació de dades

<span style="color:#c1002b">Mòdul 1 · Visualització de dades amb Power BI</span>
<strong>Introducció a Power BI</strong>
<ul>
<li>Descripció i característiques de l’eina. Usos principals.</li>
</ul>

<strong>Obtenció i gestió de dades amb Power BI</strong>
<ul>
<li>Obtenció de dades amb Power BI.</li>
<li>Power Query.</li>
<li>Gestió de dades amb Power BI.</li>
<li>Mètode per realitzar consultes.</li>
<li>Relacions entre dades.</li>
<li>Modelatge de dades.</li>
</ul>

<strong>Visualització i presentació de dades</strong>
<ul>
<li>Visualització de dades amb Power BI.</li>
<li>Creació de visualitzacions simples de dades.</li>
<li>Visualització de mapes amb dades.</li>
<li>Creació de quadres de comandament amb Power BI.</li>
<li>Publicació i comunicació de quadres de comandament.</li>
<li>Power BI i Excel.</li>
</ul>

<span style="color:#c1002b"><strong>Objectiu general</strong></span>
Usar Power BI com a eina per gestionar projectes de Business Intelligence, interpretar les dades generades i crear quadres de comandament per comunicar els resultats a les persones involucrades en cada projecte

<span style="color:#c1002b">Objectius específics</span>
<ul>
<li>Fomentar l’ús d’eines digitals per optimitzar l’anàlisi de dades.</li>

<li>Valorar la importància de l’adquisició d’habilitats digitals aplicades al negoci de Business Intelligence.</li>

<li>Fomentar l’ús d’eines digitals, especialment Power BI, per millorar l’estratègia empresarial a través de l’anàlisi de dades.</li>
</ul>

<span style="color:#c1002b">Requisits dels alumnes</span>
<ul>
<li><strong>Estudis (Acreditacions/Titulacions)</strong>
  <ul>
    <li>Certificat de professionalitat de nivell 1</li>
    <li>Títol Professional Bàsic (FP Bàsica)</li>
    <li>Títol de Graduat en Educació Secundària Obligatòria (ESO) o equivalent</li>
    <li>Títol de Tècnic (FP Grau mitjà) o equivalent</li>
    <li>Certificat de professionalitat de nivell 2</li>
    <li>Haver superat la prova d’accés a Cicles Formatius de Grau Mitjà</li>
    <li>Haver superat qualsevol prova oficial d’accés a la universitat</li>
  </ul>
</li>

<li><strong>Experiència professional</strong>
  <ul>
    <li>No es requereix</li>
  </ul>
</li>

<li><strong>Altres requisits</strong>
  <ul>
    <li>Quan l’aspirant no disposi del nivell acadèmic, haurà de demostrar coneixements i competències suficients per participar en el curs amb aprofitament mitjançant una <a href="https://forms.gle/8upn7hAJQ2UCUqxU9">prova d’accés.</a></li>
    <li>A més, es requereixen destreses suficients per ser usuari de la plataforma virtual utilitzada a l’acció formativa.</li>
  </ul>
</li>
</ul>
El curs està dirigit a tots els alumnes interessats en el tema personal o professionalment.
<ul>
 	<li>Persones que cotitzen per Règim General o Autònom.</li>
 	<li>Persones en situació d'atur: Aquest col·lectiu té l'accés limitat a aquest Pla de Formació, per la qual cosa no tindran garantida la seva plaça fins que portin la documentació presencialment al Centre de Formació i es comprovi que no s'excedeix la limitació estipulada per al Reial decret 694/2017, de 3 de juliol, pel qual es desplega la Llei 30/2015, de 9 de setembre, per la qual es regula el sistema de formació professional per a l’ocupació en l’àmbit laboral.</li>
</ul>

<!-- This site is optimized with the Yoast SEO plugin v27.2 - https://yoast.com/product/yoast-seo-wordpress/ -->
<title>Visualització de dades amb Power BI -</title>
<meta name="robots" content="noindex, follow, max-snippet:-1, max-image-preview:large, max-video-preview:-1" />
<meta property="og:locale" content="ca_ES" />
<meta property="og:type" content="article" />
<meta property="og:title" content="Visualització de dades amb Power BI -" />
<meta property="og:url" content="https://foment.teamdesarrollo.com/ca/formacio/visualitzacio-de-dades-amb-power-bi/" />
<meta property="article:modified_time" content="2026-04-29T07:59:13+00:00" />
<meta name="twitter:card" content="summary_large_image" />
<script type="application/ld+json" class="yoast-schema-graph">{"@context":"https://schema.org","@graph":[{"@type":"WebPage","@id":"https://foment.teamdesarrollo.com/ca/formacio/visualitzacio-de-dades-amb-power-bi/","url":"https://foment.teamdesarrollo.com/ca/formacio/visualitzacio-de-dades-amb-power-bi/","name":"Visualització de dades amb Power BI -","isPartOf":{"@id":"https://foment.teamdesarrollo.com/ca/#website"},"datePublished":"2026-04-17T07:55:23+00:00","dateModified":"2026-04-29T07:59:13+00:00","breadcrumb":{"@id":"https://foment.teamdesarrollo.com/ca/formacio/visualitzacio-de-dades-amb-power-bi/#breadcrumb"},"inLanguage":"ca","potentialAction":[{"@type":"ReadAction","target":["https://foment.teamdesarrollo.com/ca/formacio/visualitzacio-de-dades-amb-power-bi/"]}]},{"@type":"BreadcrumbList","@id":"https://foment.teamdesarrollo.com/ca/formacio/visualitzacio-de-dades-amb-power-bi/#breadcrumb","itemListElement":[{"@type":"ListItem","position":1,"name":"Portada","item":"https://foment.teamdesarrollo.com/ca/"},{"@type":"ListItem","position":2,"name":"Cursos","item":"https://foment.teamdesarrollo.com/ca/formacio/"},{"@type":"ListItem","position":3,"name":"Visualització de dades amb Power BI"}]},{"@type":"WebSite","@id":"https://foment.teamdesarrollo.com/ca/#website","url":"https://foment.teamdesarrollo.com/ca/","name":"","description":"","potentialAction":[{"@type":"SearchAction","target":{"@type":"EntryPoint","urlTemplate":"https://foment.teamdesarrollo.com/ca/?s={search_term_string}"},"query-input":{"@type":"PropertyValueSpecification","valueRequired":true,"valueName":"search_term_string"}}],"inLanguage":"ca"}]}</script>
<!-- / Yoast SEO plugin. -->

Visualització de dades amb Power BI -
