{"id":1085,"date":"2026-04-17T07:54:41","date_gmt":"2026-04-17T07:54:41","guid":{"rendered":"https:\/\/reverent-almeida.91-213-46-106.plesk.page\/curso\/eines-gestio-emocions\/"},"modified":"2026-04-29T07:58:49","modified_gmt":"2026-04-29T07:58:49","slug":"eines-gestio-emocions","status":"publish","type":"curso_foment","link":"https:\/\/foment.teamdesarrollo.com\/ca\/formacio\/eines-gestio-emocions\/","title":{"rendered":"Eines per a la gesti\u00f3 de les emocions"},"featured_media":0,"template":"","meta":{"_doceos_id":"17056","_start_date":"2026-05-18T22:00:00.000000Z","_end_date":"2026-06-18T22:00:00.000000Z","_available_seats":"4","_seats":"25","_lang_code":"ca","_tt_days_mask":"0100100","_tt_pm_start":"00:00:00","_tt_pm_end":"00:00:00","_timetable_desc":"Tuesday and Friday from 09:45 to 13:30","_horario_tipo":"Ma\u00f1ana","_presence_hours":"30","_teletraining_hours":"0","_distance_hours":"0","_syllabus":"M\u00f2dul 1 \u00b7 Intel\u00b7lig\u00e8ncia emocional\n  - Definici\u00f3 de conceptes clau\n  - Observaci\u00f3 de l'impacte de les emocions\n  - Aplicaci\u00f3 de la intel\u00b7lig\u00e8ncia emocional en diferents \u00e0mbits\n\nM\u00f2dul 2 \u00b7 Presa de decisions\n  - Identificaci\u00f3 de les creences, valors i h\u00e0bits\n  - Consci\u00e8ncia i autoreflexi\u00f3 sobre les creences, valors i h\u00e0bits per a la presa de decisions\n\nM\u00f2dul 3 \u00b7 Planificaci\u00f3 i estrat\u00e8gies personals\n  - Definici\u00f3 d\u2019estrat\u00e8gies i eines\n  - An\u00e0lisi de casos pr\u00e0ctics\n  - Comprom\u00eds amb les eines pr\u00e0ctiques de gesti\u00f3 emocional","_contingut":"<span style=\"color:#c1002b\">M\u00f2dul 1 \u00b7 Intel\u00b7lig\u00e8ncia emocional<\/span>\n<strong>Definici\u00f3 de conceptes clau<\/strong>\n<ul>\n<li>La intel\u00b7lig\u00e8ncia emocional segons D. Goleman<\/li>\n<li>Descripci\u00f3 d'emocions b\u00e0siques<\/li>\n<\/ul>\n\n<strong>Observaci\u00f3 de l'impacte de les emocions<\/strong>\n<ul>\n<li>Objectius de l'an\u00e0lisi emocional<\/li>\n<li>Autoconeixement emocional i la consci\u00e8ncia d'un mateix<\/li>\n<li>La import\u00e0ncia de l'autoestima<\/li>\n<\/ul>\n\n<strong>Aplicaci\u00f3 de la intel\u00b7lig\u00e8ncia emocional en diferents \u00e0mbits<\/strong>\n<ul>\n<li>Laboral<\/li>\n<li>Familiar<\/li>\n<li>Relacional-emocional<\/li>\n<\/ul>\n\n<span style=\"color:#c1002b\">M\u00f2dul 2 \u00b7 Presa de decisions<\/span>\n<strong>Identificaci\u00f3 de les creences, valors i h\u00e0bits<\/strong>\n<ul>\n<li>Exploraci\u00f3 de creences: limitants i potenciadores<\/li>\n<li>Definici\u00f3 de la zona de confort<\/li>\n<li>Pensament sist\u00e8mic<\/li>\n<li>Percepcions distorsionades de la realitat<\/li>\n<\/ul>\n\n<strong>Consci\u00e8ncia i autoreflexi\u00f3 sobre les creences, valors i h\u00e0bits per a la presa de decisions<\/strong>\n<ul>\n<li>Consci\u00e8ncia i autoreflexi\u00f3 sobre les creences, valors i h\u00e0bits per a la presa de decisions<\/li>\n<\/ul>\n\n<span style=\"color:#c1002b\">M\u00f2dul 3 \u00b7 Planificaci\u00f3 i estrat\u00e8gies personals<\/span>\n<strong>Definici\u00f3 d\u2019estrat\u00e8gies i eines<\/strong>\n<ul>\n<li>Roda de la vida<\/li>\n<li>Mapes mentals<\/li>\n<li>Definici\u00f3 i organitzaci\u00f3 de metes i objectius<\/li>\n<li>T\u00e8cniques de gesti\u00f3 de planificaci\u00f3 d'activitats per a l'abast de fites<\/li>\n<li>T\u00e8cniques de gesti\u00f3 del temps<\/li>\n<\/ul>\n\n<strong>An\u00e0lisi de casos pr\u00e0ctics<\/strong>\n<ul>\n<li>Aplicabilitat a la vida personal<\/li>\n<li>Aplicabilitat a la vida laboral<\/li>\n<\/ul>\n\n<strong>Comprom\u00eds amb les eines pr\u00e0ctiques de gesti\u00f3 emocional<\/strong>\n<ul>\n<li>Comprom\u00eds amb les eines pr\u00e0ctiques de gesti\u00f3 emocional<\/li>\n<\/ul>","_objectius":"<span style=\"color:#c1002b\"><strong>Objectiu general<\/strong><\/span>\nDefinir eines de gesti\u00f3 emocional i organitzaci\u00f3 per millorar la qualitat de vida\n\n<span style=\"color:#c1002b\">Objectius espec\u00edfics<\/span>\n<ul> \n<li>Definir conceptes claus en relaci\u00f3 amb la intel\u00b7lig\u00e8ncia emocional, els seus objectius i impacte a la vida quotidiana.<\/li>\n\n<li>Descriure conceptes clau per aconseguir objectius en l'organitzaci\u00f3 i la direcci\u00f3 de la vida pr\u00f2pia.<\/li>\n\n<li>Enumerar eines de gesti\u00f3 emocional i organitzaci\u00f3 per a la presa de decisions i assolir els objectius de la vida en diversos \u00e0mbits.<\/li>\n<\/ul>","_requisits":"<span style=\"color:#c1002b\">Requisits dels alumnes<\/span>\n<ul>\n<li><strong>Estudis (Acreditacions\/Titulacions)<\/strong>\n  <ul>\n    <li>No s'exigeix cap requisit per accedir a la formaci\u00f3, encara que s'han de posseir prou habilitats de comunicaci\u00f3 ling\u00fc\u00edstica que permetin cursar amb aprofitament la formaci\u00f3.<\/li>\n  <\/ul>\n<\/li>\n\n<li><strong>Experi\u00e8ncia professional<\/strong>\n  <ul>\n    <li>No es requereix.<\/li>\n  <\/ul>\n<\/li>\n\n<li><strong>Altres requisits<\/strong>\n  <ul>\n    <li>L\u2019alumnat ha de tenir les destreses suficients per a ser usuari de la plataforma virtual en la qual es recolza l\u2019acci\u00f3 formativa (en el cas de teleformaci\u00f3).<\/li>\n  <\/ul>\n<\/li>\n<\/ul>\nEl curs est\u00e0 dirigit a tots els alumnes interessats en el tema personal o professionalment.\n<ul>\n \t<li>Persones que cotitzen per R\u00e8gim General o Aut\u00f2nom.<\/li>\n \t<li>Persones en situaci\u00f3 d'atur: Aquest col\u00b7lectiu t\u00e9 l'acc\u00e9s limitat a aquest Pla de Formaci\u00f3, per la qual cosa no tindran garantida la seva pla\u00e7a fins que portin la documentaci\u00f3 presencialment al Centre de Formaci\u00f3 i es comprovi que no s'excedeix la limitaci\u00f3 estipulada per al Reial decret 694\/2017, de 3 de juliol, pel qual es desplega la Llei 30\/2015, de 9 de setembre, per la qual es regula el sistema de formaci\u00f3 professional per a l\u2019ocupaci\u00f3 en l\u2019\u00e0mbit laboral.<\/li>\n<\/ul>","_materials":null,"_resp_name":"Patricia Flores Flores","_resp_email":null,"_certificado":"0","_adaptado":"0","_modality_id":"1","_training_area_id":"3","_custom_code":null,"_group":"1","_closed":"0","_full":"0","_num_sessions":null,"_visible_on_web":"1","_wpml_trid":"1038","_wpml_lang":"ca"},"class_list":["post-1085","curso_foment","type-curso_foment","status-publish","hentry"],"yoast_head":"<!-- This site is optimized with the Yoast SEO plugin v27.2 - https:\/\/yoast.com\/product\/yoast-seo-wordpress\/ -->\n<title>Eines per a la gesti\u00f3 de les emocions -<\/title>\n<meta name=\"robots\" content=\"noindex, follow, max-snippet:-1, max-image-preview:large, max-video-preview:-1\" \/>\n<meta property=\"og:locale\" content=\"ca_ES\" \/>\n<meta property=\"og:type\" content=\"article\" \/>\n<meta property=\"og:title\" content=\"Eines per a la gesti\u00f3 de les emocions -\" \/>\n<meta property=\"og:url\" content=\"https:\/\/foment.teamdesarrollo.com\/ca\/formacio\/eines-gestio-emocions\/\" \/>\n<meta property=\"article:modified_time\" content=\"2026-04-29T07:58:49+00:00\" \/>\n<meta name=\"twitter:card\" content=\"summary_large_image\" \/>\n<script type=\"application\/ld+json\" class=\"yoast-schema-graph\">{\"@context\":\"https:\/\/schema.org\",\"@graph\":[{\"@type\":\"WebPage\",\"@id\":\"https:\/\/foment.teamdesarrollo.com\/ca\/formacio\/eines-gestio-emocions\/\",\"url\":\"https:\/\/foment.teamdesarrollo.com\/ca\/formacio\/eines-gestio-emocions\/\",\"name\":\"Eines per a la gesti\u00f3 de les emocions -\",\"isPartOf\":{\"@id\":\"https:\/\/foment.teamdesarrollo.com\/ca\/#website\"},\"datePublished\":\"2026-04-17T07:54:41+00:00\",\"dateModified\":\"2026-04-29T07:58:49+00:00\",\"breadcrumb\":{\"@id\":\"https:\/\/foment.teamdesarrollo.com\/ca\/formacio\/eines-gestio-emocions\/#breadcrumb\"},\"inLanguage\":\"ca\",\"potentialAction\":[{\"@type\":\"ReadAction\",\"target\":[\"https:\/\/foment.teamdesarrollo.com\/ca\/formacio\/eines-gestio-emocions\/\"]}]},{\"@type\":\"BreadcrumbList\",\"@id\":\"https:\/\/foment.teamdesarrollo.com\/ca\/formacio\/eines-gestio-emocions\/#breadcrumb\",\"itemListElement\":[{\"@type\":\"ListItem\",\"position\":1,\"name\":\"Portada\",\"item\":\"https:\/\/foment.teamdesarrollo.com\/ca\/\"},{\"@type\":\"ListItem\",\"position\":2,\"name\":\"Cursos\",\"item\":\"https:\/\/foment.teamdesarrollo.com\/ca\/formacio\/\"},{\"@type\":\"ListItem\",\"position\":3,\"name\":\"Eines per a la gesti\u00f3 de les emocions\"}]},{\"@type\":\"WebSite\",\"@id\":\"https:\/\/foment.teamdesarrollo.com\/ca\/#website\",\"url\":\"https:\/\/foment.teamdesarrollo.com\/ca\/\",\"name\":\"\",\"description\":\"\",\"potentialAction\":[{\"@type\":\"SearchAction\",\"target\":{\"@type\":\"EntryPoint\",\"urlTemplate\":\"https:\/\/foment.teamdesarrollo.com\/ca\/?s={search_term_string}\"},\"query-input\":{\"@type\":\"PropertyValueSpecification\",\"valueRequired\":true,\"valueName\":\"search_term_string\"}}],\"inLanguage\":\"ca\"}]}<\/script>\n<!-- \/ Yoast SEO plugin. -->","yoast_head_json":{"title":"Eines per a la gesti\u00f3 de les emocions -","robots":{"index":"noindex","follow":"follow","max-snippet":"max-snippet:-1","max-image-preview":"max-image-preview:large","max-video-preview":"max-video-preview:-1"},"og_locale":"ca_ES","og_type":"article","og_title":"Eines per a la gesti\u00f3 de les emocions -","og_url":"https:\/\/foment.teamdesarrollo.com\/ca\/formacio\/eines-gestio-emocions\/","article_modified_time":"2026-04-29T07:58:49+00:00","twitter_card":"summary_large_image","schema":{"@context":"https:\/\/schema.org","@graph":[{"@type":"WebPage","@id":"https:\/\/foment.teamdesarrollo.com\/ca\/formacio\/eines-gestio-emocions\/","url":"https:\/\/foment.teamdesarrollo.com\/ca\/formacio\/eines-gestio-emocions\/","name":"Eines per a la gesti\u00f3 de les emocions -","isPartOf":{"@id":"https:\/\/foment.teamdesarrollo.com\/ca\/#website"},"datePublished":"2026-04-17T07:54:41+00:00","dateModified":"2026-04-29T07:58:49+00:00","breadcrumb":{"@id":"https:\/\/foment.teamdesarrollo.com\/ca\/formacio\/eines-gestio-emocions\/#breadcrumb"},"inLanguage":"ca","potentialAction":[{"@type":"ReadAction","target":["https:\/\/foment.teamdesarrollo.com\/ca\/formacio\/eines-gestio-emocions\/"]}]},{"@type":"BreadcrumbList","@id":"https:\/\/foment.teamdesarrollo.com\/ca\/formacio\/eines-gestio-emocions\/#breadcrumb","itemListElement":[{"@type":"ListItem","position":1,"name":"Portada","item":"https:\/\/foment.teamdesarrollo.com\/ca\/"},{"@type":"ListItem","position":2,"name":"Cursos","item":"https:\/\/foment.teamdesarrollo.com\/ca\/formacio\/"},{"@type":"ListItem","position":3,"name":"Eines per a la gesti\u00f3 de les emocions"}]},{"@type":"WebSite","@id":"https:\/\/foment.teamdesarrollo.com\/ca\/#website","url":"https:\/\/foment.teamdesarrollo.com\/ca\/","name":"","description":"","potentialAction":[{"@type":"SearchAction","target":{"@type":"EntryPoint","urlTemplate":"https:\/\/foment.teamdesarrollo.com\/ca\/?s={search_term_string}"},"query-input":{"@type":"PropertyValueSpecification","valueRequired":true,"valueName":"search_term_string"}}],"inLanguage":"ca"}]}},"_links":{"self":[{"href":"https:\/\/foment.teamdesarrollo.com\/ca\/wp-json\/wp\/v2\/curso_foment\/1085","targetHints":{"allow":["GET"]}}],"collection":[{"href":"https:\/\/foment.teamdesarrollo.com\/ca\/wp-json\/wp\/v2\/curso_foment"}],"about":[{"href":"https:\/\/foment.teamdesarrollo.com\/ca\/wp-json\/wp\/v2\/types\/curso_foment"}],"wp:attachment":[{"href":"https:\/\/foment.teamdesarrollo.com\/ca\/wp-json\/wp\/v2\/media?parent=1085"}],"curies":[{"name":"wp","href":"https:\/\/api.w.org\/{rel}","templated":true}]}}

Eines per a la gestió de les emocions

Mañana

Mòdul 1 · Intel·ligència emocional
  - Definició de conceptes clau
  - Observació de l'impacte de les emocions
  - Aplicació de la intel·ligència emocional en diferents àmbits

Mòdul 2 · Presa de decisions
  - Identificació de les creences, valors i hàbits
  - Consciència i autoreflexió sobre les creences, valors i hàbits per a la presa de decisions

Mòdul 3 · Planificació i estratègies personals
  - Definició d’estratègies i eines
  - Anàlisi de casos pràctics
  - Compromís amb les eines pràctiques de gestió emocional

<span style="color:#c1002b">Mòdul 1 · Intel·ligència emocional</span>
<strong>Definició de conceptes clau</strong>
<ul>
<li>La intel·ligència emocional segons D. Goleman</li>
<li>Descripció d'emocions bàsiques</li>
</ul>

<strong>Observació de l'impacte de les emocions</strong>
<ul>
<li>Objectius de l'anàlisi emocional</li>
<li>Autoconeixement emocional i la consciència d'un mateix</li>
<li>La importància de l'autoestima</li>
</ul>

<strong>Aplicació de la intel·ligència emocional en diferents àmbits</strong>
<ul>
<li>Laboral</li>
<li>Familiar</li>
<li>Relacional-emocional</li>
</ul>

<span style="color:#c1002b">Mòdul 2 · Presa de decisions</span>
<strong>Identificació de les creences, valors i hàbits</strong>
<ul>
<li>Exploració de creences: limitants i potenciadores</li>
<li>Definició de la zona de confort</li>
<li>Pensament sistèmic</li>
<li>Percepcions distorsionades de la realitat</li>
</ul>

<strong>Consciència i autoreflexió sobre les creences, valors i hàbits per a la presa de decisions</strong>
<ul>
<li>Consciència i autoreflexió sobre les creences, valors i hàbits per a la presa de decisions</li>
</ul>

<span style="color:#c1002b">Mòdul 3 · Planificació i estratègies personals</span>
<strong>Definició d’estratègies i eines</strong>
<ul>
<li>Roda de la vida</li>
<li>Mapes mentals</li>
<li>Definició i organització de metes i objectius</li>
<li>Tècniques de gestió de planificació d'activitats per a l'abast de fites</li>
<li>Tècniques de gestió del temps</li>
</ul>

<strong>Anàlisi de casos pràctics</strong>
<ul>
<li>Aplicabilitat a la vida personal</li>
<li>Aplicabilitat a la vida laboral</li>
</ul>

<strong>Compromís amb les eines pràctiques de gestió emocional</strong>
<ul>
<li>Compromís amb les eines pràctiques de gestió emocional</li>
</ul>

<span style="color:#c1002b"><strong>Objectiu general</strong></span>
Definir eines de gestió emocional i organització per millorar la qualitat de vida

<span style="color:#c1002b">Objectius específics</span>
<ul> 
<li>Definir conceptes claus en relació amb la intel·ligència emocional, els seus objectius i impacte a la vida quotidiana.</li>

<li>Descriure conceptes clau per aconseguir objectius en l'organització i la direcció de la vida pròpia.</li>

<li>Enumerar eines de gestió emocional i organització per a la presa de decisions i assolir els objectius de la vida en diversos àmbits.</li>
</ul>

<span style="color:#c1002b">Requisits dels alumnes</span>
<ul>
<li><strong>Estudis (Acreditacions/Titulacions)</strong>
  <ul>
    <li>No s'exigeix cap requisit per accedir a la formació, encara que s'han de posseir prou habilitats de comunicació lingüística que permetin cursar amb aprofitament la formació.</li>
  </ul>
</li>

<li><strong>Experiència professional</strong>
  <ul>
    <li>No es requereix.</li>
  </ul>
</li>

<li><strong>Altres requisits</strong>
  <ul>
    <li>L’alumnat ha de tenir les destreses suficients per a ser usuari de la plataforma virtual en la qual es recolza l’acció formativa (en el cas de teleformació).</li>
  </ul>
</li>
</ul>
El curs està dirigit a tots els alumnes interessats en el tema personal o professionalment.
<ul>
 	<li>Persones que cotitzen per Règim General o Autònom.</li>
 	<li>Persones en situació d'atur: Aquest col·lectiu té l'accés limitat a aquest Pla de Formació, per la qual cosa no tindran garantida la seva plaça fins que portin la documentació presencialment al Centre de Formació i es comprovi que no s'excedeix la limitació estipulada per al Reial decret 694/2017, de 3 de juliol, pel qual es desplega la Llei 30/2015, de 9 de setembre, per la qual es regula el sistema de formació professional per a l’ocupació en l’àmbit laboral.</li>
</ul>

<!-- This site is optimized with the Yoast SEO plugin v27.2 - https://yoast.com/product/yoast-seo-wordpress/ -->
<title>Eines per a la gestió de les emocions -</title>
<meta name="robots" content="noindex, follow, max-snippet:-1, max-image-preview:large, max-video-preview:-1" />
<meta property="og:locale" content="ca_ES" />
<meta property="og:type" content="article" />
<meta property="og:title" content="Eines per a la gestió de les emocions -" />
<meta property="og:url" content="https://foment.teamdesarrollo.com/ca/formacio/eines-gestio-emocions/" />
<meta property="article:modified_time" content="2026-04-29T07:58:49+00:00" />
<meta name="twitter:card" content="summary_large_image" />
<script type="application/ld+json" class="yoast-schema-graph">{"@context":"https://schema.org","@graph":[{"@type":"WebPage","@id":"https://foment.teamdesarrollo.com/ca/formacio/eines-gestio-emocions/","url":"https://foment.teamdesarrollo.com/ca/formacio/eines-gestio-emocions/","name":"Eines per a la gestió de les emocions -","isPartOf":{"@id":"https://foment.teamdesarrollo.com/ca/#website"},"datePublished":"2026-04-17T07:54:41+00:00","dateModified":"2026-04-29T07:58:49+00:00","breadcrumb":{"@id":"https://foment.teamdesarrollo.com/ca/formacio/eines-gestio-emocions/#breadcrumb"},"inLanguage":"ca","potentialAction":[{"@type":"ReadAction","target":["https://foment.teamdesarrollo.com/ca/formacio/eines-gestio-emocions/"]}]},{"@type":"BreadcrumbList","@id":"https://foment.teamdesarrollo.com/ca/formacio/eines-gestio-emocions/#breadcrumb","itemListElement":[{"@type":"ListItem","position":1,"name":"Portada","item":"https://foment.teamdesarrollo.com/ca/"},{"@type":"ListItem","position":2,"name":"Cursos","item":"https://foment.teamdesarrollo.com/ca/formacio/"},{"@type":"ListItem","position":3,"name":"Eines per a la gestió de les emocions"}]},{"@type":"WebSite","@id":"https://foment.teamdesarrollo.com/ca/#website","url":"https://foment.teamdesarrollo.com/ca/","name":"","description":"","potentialAction":[{"@type":"SearchAction","target":{"@type":"EntryPoint","urlTemplate":"https://foment.teamdesarrollo.com/ca/?s={search_term_string}"},"query-input":{"@type":"PropertyValueSpecification","valueRequired":true,"valueName":"search_term_string"}}],"inLanguage":"ca"}]}</script>
<!-- / Yoast SEO plugin. -->

Eines per a la gestió de les emocions -
